CRAN Package Check Results for Package rtkore

Last updated on 2021-06-16 06:49:24 CEST.

Flavor Version Tinstall Tcheck Ttotal Status Flags
r-devel-linux-x86_64-debian-clang 1.5.5 33.83 85.31 119.14 OK
r-devel-linux-x86_64-debian-gcc 1.5.5 22.64 68.88 91.52 OK
r-devel-linux-x86_64-fedora-clang 1.5.5 155.84 NOTE
r-devel-linux-x86_64-fedora-gcc 1.5.5 144.69 OK
r-devel-windows-x86_64 1.5.5 42.00 128.00 170.00 NOTE
r-devel-windows-x86_64-gcc10-UCRT 1.5.5 OK
r-patched-linux-x86_64 1.5.5 27.48 84.03 111.51 OK
r-patched-solaris-x86 1.5.5 176.00 OK
r-release-linux-x86_64 1.5.5 28.14 84.33 112.47 OK
r-release-macos-arm64 1.5.5 NOTE
r-release-macos-x86_64 1.5.5 NOTE
r-release-windows-ix86+x86_64 1.5.5 82.00 115.00 197.00 NOTE
r-oldrel-macos-x86_64 1.5.5 NOTE
r-oldrel-windows-ix86+x86_64 1.5.5 63.00 153.00 216.00 NOTE

Check Details

Version: 1.5.5
Check: installed package size
Result: NOTE
     installed size is 6.2Mb
     sub-directories of 1Mb or more:
     doc 1.1Mb
     libs 2.0Mb
     projects 2.8Mb
Flavors: r-devel-linux-x86_64-fedora-clang, r-devel-windows-x86_64, r-release-macos-arm64, r-release-macos-x86_64, r-release-windows-ix86+x86_64, r-oldrel-macos-x86_64, r-oldrel-windows-ix86+x86_64