Last updated on 2022-05-28 07:06:04 CEST.
Flavor | Version | Tinstall | Tcheck | Ttotal | Status | Flags |
---|---|---|---|---|---|---|
r-devel-linux-x86_64-debian-clang | 0.1.3 | 3.44 | 38.95 | 42.39 | OK | |
r-devel-linux-x86_64-debian-gcc | 0.1.3 | 2.41 | 29.99 | 32.40 | OK | |
r-devel-linux-x86_64-fedora-clang | 0.1.3 | 53.50 | NOTE | |||
r-devel-linux-x86_64-fedora-gcc | 0.1.3 | 39.55 | NOTE | |||
r-devel-windows-x86_64 | 0.1.3 | 17.00 | 55.00 | 72.00 | OK | |
r-patched-linux-x86_64 | 0.1.3 | 3.57 | 37.94 | 41.51 | OK | |
r-release-linux-x86_64 | 0.1.3 | 3.15 | 37.11 | 40.26 | OK | |
r-release-macos-arm64 | 0.1.3 | 18.00 | OK | |||
r-release-macos-x86_64 | 0.1.3 | 24.00 | OK | |||
r-release-windows-x86_64 | 0.1.3 | 25.00 | 60.00 | 85.00 | OK | |
r-oldrel-macos-arm64 | 0.1.3 | 18.00 | OK | |||
r-oldrel-macos-x86_64 | 0.1.3 | 26.00 | OK | |||
r-oldrel-windows-ix86+x86_64 | 0.1.3 | 7.00 | 49.00 | 56.00 | OK |
Version: 0.1.3
Check: package dependencies
Result: NOTE
Package suggested but not available for checking: ‘RQuantLib’
Flavors: r-devel-linux-x86_64-fedora-clang, r-devel-linux-x86_64-fedora-gcc