CRAN Package Check Results for Package rtweet

Last updated on 2020-10-01 06:47:20 CEST.

Flavor Version Tinstall Tcheck Ttotal Status Flags
r-devel-linux-x86_64-debian-clang 0.7.0 12.46 68.35 80.81 OK
r-devel-linux-x86_64-debian-gcc 0.7.0 0.75 3.00 3.75 ERROR
r-devel-linux-x86_64-fedora-clang 0.7.0 101.48 NOTE
r-devel-linux-x86_64-fedora-gcc 0.7.0 97.26 NOTE
r-devel-windows-ix86+x86_64 0.7.0 19.00 66.00 85.00 OK
r-patched-linux-x86_64 0.7.0 11.49 63.44 74.93 OK
r-patched-solaris-x86 0.7.0 118.40 NOTE
r-release-linux-x86_64 0.7.0 11.96 62.83 74.79 OK
r-release-macos-x86_64 0.7.0 NOTE
r-release-windows-ix86+x86_64 0.7.0 21.00 91.00 112.00 OK
r-oldrel-macos-x86_64 0.7.0 NOTE
r-oldrel-windows-ix86+x86_64 0.7.0 18.00 77.00 95.00 OK

Check Details

Version: 0.7.0
Check: whether package can be installed
Result: ERROR
    Installation failed.
Flavor: r-devel-linux-x86_64-debian-gcc

Version: 0.7.0
Check: dependencies in R code
Result: NOTE
    Namespace in Imports field not imported from: ‘Rcpp’
     All declared Imports should be used.
Flavors: r-devel-linux-x86_64-fedora-clang, r-devel-linux-x86_64-fedora-gcc, r-patched-solaris-x86, r-release-macos-x86_64, r-oldrel-macos-x86_64

Version: 0.7.0
Check: data for non-ASCII characters
Result: NOTE
     Note: found 113868 marked UTF-8 strings
Flavors: r-devel-linux-x86_64-fedora-clang, r-devel-linux-x86_64-fedora-gcc, r-patched-solaris-x86, r-release-macos-x86_64, r-oldrel-macos-x86_64