CRAN Package Check Results for Package rubias

Last updated on 2021-12-03 06:49:16 CET.

Flavor Version Tinstall Tcheck Ttotal Status Flags
r-devel-linux-x86_64-debian-clang 0.3.2 94.78 199.70 294.48 NOTE
r-devel-linux-x86_64-debian-gcc 0.3.2 67.06 150.94 218.00 NOTE
r-devel-linux-x86_64-fedora-clang 0.3.2 406.46 NOTE
r-devel-linux-x86_64-fedora-gcc 0.3.2 372.80 NOTE
r-devel-windows-x86_64-new-UL 0.3.2 138.00 291.00 429.00 NOTE
r-devel-windows-x86_64-new-TK 0.3.2 NOTE
r-devel-windows-x86_64-old 0.3.2 128.00 220.00 348.00 NOTE
r-patched-linux-x86_64 0.3.2 80.49 197.55 278.04 NOTE
r-patched-solaris-x86 0.3.2 226.40 NOTE
r-release-linux-x86_64 0.3.2 87.50 201.84 289.34 NOTE
r-release-macos-arm64 0.3.2 NOTE
r-release-macos-x86_64 0.3.2 NOTE
r-release-windows-ix86+x86_64 0.3.2 238.00 306.00 544.00 NOTE
r-oldrel-macos-x86_64 0.3.2 NOTE
r-oldrel-windows-ix86+x86_64 0.3.2 242.00 303.00 545.00 NOTE

Check Details

Version: 0.3.2
Check: for GNU extensions in Makefiles
Result: NOTE
    GNU make is a SystemRequirements.
Flavors: r-devel-linux-x86_64-debian-clang, r-devel-linux-x86_64-debian-gcc, r-devel-linux-x86_64-fedora-clang, r-devel-linux-x86_64-fedora-gcc, r-devel-windows-x86_64-new-UL, r-devel-windows-x86_64-new-TK, r-devel-windows-x86_64-old, r-patched-linux-x86_64, r-patched-solaris-x86, r-release-linux-x86_64, r-release-macos-arm64, r-release-macos-x86_64, r-release-windows-ix86+x86_64, r-oldrel-macos-x86_64, r-oldrel-windows-ix86+x86_64

Version: 0.3.2
Check: installed package size
Result: NOTE
     installed size is 5.2Mb
     sub-directories of 1Mb or more:
     libs 3.5Mb
Flavor: r-release-macos-arm64