CRAN Package Check Results for Package rugarch

Last updated on 2020-09-28 06:49:59 CEST.

Flavor Version Tinstall Tcheck Ttotal Status Flags
r-devel-linux-x86_64-debian-clang 1.4-4 88.78 333.85 422.63 OK
r-devel-linux-x86_64-debian-gcc 1.4-4 79.77 246.82 326.59 OK
r-devel-linux-x86_64-fedora-clang 1.4-4 526.53 NOTE
r-devel-linux-x86_64-fedora-gcc 1.4-4 525.82 OK
r-devel-windows-ix86+x86_64 1.4-4 181.00 390.00 571.00 NOTE
r-patched-linux-x86_64 1.4-4 90.36 307.73 398.09 OK
r-patched-solaris-x86 1.4-4 538.80 NOTE
r-release-linux-x86_64 1.4-4 92.40 313.34 405.74 OK
r-release-macos-x86_64 1.4-4 NOTE
r-release-windows-ix86+x86_64 1.4-4 185.00 389.00 574.00 NOTE
r-oldrel-macos-x86_64 1.4-4 NOTE
r-oldrel-windows-ix86+x86_64 1.4-4 163.00 378.00 541.00 NOTE

Check Details

Version: 1.4-4
Check: installed package size
Result: NOTE
     installed size is 7.7Mb
     sub-directories of 1Mb or more:
     R 3.0Mb
     libs 2.4Mb
Flavors: r-devel-linux-x86_64-fedora-clang, r-devel-windows-ix86+x86_64, r-patched-solaris-x86, r-release-macos-x86_64, r-release-windows-ix86+x86_64, r-oldrel-macos-x86_64, r-oldrel-windows-ix86+x86_64