Last updated on 2023-02-02 06:55:05 CET.
Flavor | Version | Tinstall | Tcheck | Ttotal | Status | Flags |
---|---|---|---|---|---|---|
r-devel-linux-x86_64-debian-clang | 0.2 | 24.50 | 25.92 | 50.42 | NOTE | |
r-devel-linux-x86_64-debian-gcc | 0.2 | 17.39 | 20.23 | 37.62 | NOTE | |
r-devel-linux-x86_64-fedora-clang | 0.2 | 80.63 | NOTE | |||
r-devel-linux-x86_64-fedora-gcc | 0.2 | 61.56 | NOTE | |||
r-patched-linux-x86_64 | 0.2 | 19.23 | 26.45 | 45.68 | NOTE | |
r-release-linux-x86_64 | 0.2 | 17.06 | 26.05 | 43.11 | NOTE | |
r-release-macos-arm64 | 0.2 | 23.00 | NOTE | |||
r-release-macos-x86_64 | 0.2 | 30.00 | NOTE | |||
r-release-windows-x86_64 | 0.2 | 25.00 | 87.00 | 112.00 | NOTE | |
r-oldrel-macos-arm64 | 0.2 | 39.00 | NOTE | |||
r-oldrel-macos-x86_64 | 0.2 | 40.00 | NOTE | |||
r-oldrel-windows-ix86+x86_64 | 0.2 | 60.00 | 82.00 | 142.00 | NOTE |
Version: 0.2
Check: LazyData
Result: NOTE
'LazyData' is specified without a 'data' directory
Flavors: r-devel-linux-x86_64-debian-clang, r-devel-linux-x86_64-debian-gcc, r-devel-linux-x86_64-fedora-clang, r-devel-linux-x86_64-fedora-gcc, r-patched-linux-x86_64, r-release-linux-x86_64, r-release-macos-arm64, r-release-macos-x86_64, r-release-windows-x86_64, r-oldrel-macos-arm64, r-oldrel-macos-x86_64, r-oldrel-windows-ix86+x86_64
Version: 0.2
Check: compiled code
Result: NOTE
File ‘rwfec/libs/rwfec.so’:
Found no calls to: ‘R_registerRoutines’, ‘R_useDynamicSymbols’
It is good practice to register native routines and to disable symbol
search.
See ‘Writing portable packages’ in the ‘Writing R Extensions’ manual.
Flavors: r-devel-linux-x86_64-fedora-clang, r-devel-linux-x86_64-fedora-gcc