CRAN Package Check Results for Package rwfec

Last updated on 2023-11-28 07:53:16 CET.

Flavor Version Tinstall Tcheck Ttotal Status Flags
r-devel-linux-x86_64-debian-clang 0.2 26.80 25.91 52.71 NOTE
r-devel-linux-x86_64-debian-gcc 0.2 17.66 20.06 37.72 NOTE
r-devel-linux-x86_64-fedora-clang 0.2 77.85 NOTE
r-devel-linux-x86_64-fedora-gcc 0.2 70.88 NOTE
r-devel-windows-x86_64 0.2 20.00 67.00 87.00 NOTE
r-patched-linux-x86_64 0.2 20.92 25.93 46.85 NOTE
r-release-linux-x86_64 0.2 22.28 25.52 47.80 NOTE
r-release-macos-arm64 0.2 23.00 NOTE
r-release-macos-x86_64 0.2 35.00 NOTE
r-release-windows-x86_64 0.2 21.00 66.00 87.00 NOTE
r-oldrel-macos-arm64 0.2 22.00 NOTE
r-oldrel-macos-x86_64 0.2 30.00 NOTE
r-oldrel-windows-x86_64 0.2 26.00 71.00 97.00 NOTE

Check Details

Version: 0.2
Check: LazyData
Result: NOTE 'LazyData' is specified without a 'data' directory Flavors: r-devel-linux-x86_64-debian-clang, r-devel-linux-x86_64-debian-gcc, r-devel-linux-x86_64-fedora-clang, r-devel-linux-x86_64-fedora-gcc, r-devel-windows-x86_64, r-patched-linux-x86_64, r-release-linux-x86_64, r-release-macos-arm64, r-release-macos-x86_64, r-release-windows-x86_64, r-oldrel-macos-arm64, r-oldrel-macos-x86_64, r-oldrel-windows-x86_64

Version: 0.2
Check: compiled code
Result: NOTE File ‘rwfec/libs/rwfec.so’: Found no calls to: ‘R_registerRoutines’, ‘R_useDynamicSymbols’ It is good practice to register native routines and to disable symbol search. See ‘Writing portable packages’ in the ‘Writing R Extensions’ manual. Flavors: r-devel-linux-x86_64-fedora-clang, r-devel-linux-x86_64-fedora-gcc