CRAN Package Check Results for Package rworkflows

Last updated on 2024-02-27 06:50:43 CET.

Flavor Version Tinstall Tcheck Ttotal Status Flags
r-devel-linux-x86_64-debian-clang 1.0.1 8.92 155.16 164.08 OK
r-devel-linux-x86_64-debian-gcc 1.0.1 8.07 117.60 125.67 OK
r-devel-linux-x86_64-fedora-clang 1.0.1 198.65 NOTE
r-devel-linux-x86_64-fedora-gcc 1.0.1 218.23 NOTE
r-devel-windows-x86_64 1.0.1 10.00 149.00 159.00 OK
r-patched-linux-x86_64 1.0.1 6.34 157.24 163.58 OK
r-release-linux-x86_64 1.0.1 5.94 151.11 157.05 OK
r-release-macos-arm64 1.0.1 107.00 NOTE
r-release-macos-x86_64 1.0.1 171.00 NOTE
r-release-windows-x86_64 1.0.1 14.00 174.00 188.00 OK
r-oldrel-macos-arm64 1.0.1 100.00 NOTE
r-oldrel-windows-x86_64 1.0.1 14.00 174.00 188.00 OK

Check Details

Version: 1.0.1
Check: data for non-ASCII characters
Result: NOTE Note: found 12 marked UTF-8 strings Flavors: r-devel-linux-x86_64-fedora-clang, r-devel-linux-x86_64-fedora-gcc

Version: 1.0.1
Check: package dependencies
Result: NOTE Packages suggested but not available for checking: 'BiocPkgTools', 'biocViews' Flavors: r-release-macos-arm64, r-release-macos-x86_64, r-oldrel-macos-arm64

Version: 1.0.1
Check: Rd cross-references
Result: NOTE Packages unavailable to check Rd xrefs: ‘BiocPkgTools’, ‘biocViews’ Flavors: r-release-macos-arm64, r-release-macos-x86_64, r-oldrel-macos-arm64