CRAN Package Check Results for Package rxode2et

Last updated on 2023-04-01 07:10:50 CEST.

Flavor Version Tinstall Tcheck Ttotal Status Flags
r-devel-linux-x86_64-debian-clang 2.0.10 97.49 69.37 166.86 OK
r-devel-linux-x86_64-debian-gcc 2.0.10 77.25 51.48 128.73 OK
r-devel-linux-x86_64-fedora-clang 2.0.10 244.08 OK
r-devel-linux-x86_64-fedora-gcc 2.0.10 228.68 OK
r-patched-linux-x86_64 2.0.10 77.93 69.17 147.10 OK
r-release-linux-x86_64 2.0.10 73.92 65.41 139.33 OK
r-release-macos-arm64 2.0.10 50.00 NOTE
r-release-macos-x86_64 2.0.10 76.00 NOTE
r-release-windows-x86_64 2.0.10 90.00 130.00 220.00 OK
r-oldrel-macos-arm64 2.0.10 49.00 NOTE
r-oldrel-macos-x86_64 2.0.10 78.00 NOTE
r-oldrel-windows-ix86+x86_64 2.0.10 22.00 20.00 42.00 ERROR

Check Details

Version: 2.0.10
Check: installed package size
Result: NOTE
     installed size is 7.0Mb
     sub-directories of 1Mb or more:
     libs 6.8Mb
Flavors: r-release-macos-arm64, r-release-macos-x86_64, r-oldrel-macos-arm64, r-oldrel-macos-x86_64

Version: 2.0.10
Check: package dependencies
Result: ERROR
    Package required and available but unsuitable version: 'rxode2parse'
    
    See section 'The DESCRIPTION file' in the 'Writing R Extensions'
    manual.
Flavor: r-oldrel-windows-ix86+x86_64