Last updated on 2023-02-03 06:50:32 CET.
Flavor | Version | Tinstall | Tcheck | Ttotal | Status | Flags |
---|---|---|---|---|---|---|
r-devel-linux-x86_64-debian-clang | 2.0.13 | 137.53 | 36.86 | 174.39 | NOTE | |
r-devel-linux-x86_64-debian-gcc | 2.0.13 | 167.81 | 28.63 | 196.44 | NOTE | |
r-devel-linux-x86_64-fedora-clang | 2.0.13 | 249.78 | NOTE | |||
r-devel-linux-x86_64-fedora-gcc | 2.0.13 | 363.91 | NOTE | |||
r-patched-linux-x86_64 | 2.0.13 | 205.02 | 38.47 | 243.49 | OK | |
r-release-linux-x86_64 | 2.0.13 | 190.79 | 37.61 | 228.40 | OK | |
r-release-macos-arm64 | 2.0.13 | 142.00 | NOTE | |||
r-release-macos-x86_64 | 2.0.13 | 344.00 | NOTE | |||
r-release-windows-x86_64 | 2.0.13 | 158.00 | 114.00 | 272.00 | OK | |
r-oldrel-macos-arm64 | 2.0.13 | 145.00 | NOTE | |||
r-oldrel-macos-x86_64 | 2.0.13 | 321.00 | NOTE | |||
r-oldrel-windows-ix86+x86_64 | 2.0.13 | 303.00 | 105.00 | 408.00 | OK |
Version: 2.0.13
Check: C++ specification
Result: NOTE
Specified C++14: please update to current default of C++17
Flavors: r-devel-linux-x86_64-debian-clang, r-devel-linux-x86_64-debian-gcc, r-devel-linux-x86_64-fedora-clang, r-devel-linux-x86_64-fedora-gcc
Version: 2.0.13
Check: installed package size
Result: NOTE
installed size is 33.6Mb
sub-directories of 1Mb or more:
libs 33.3Mb
Flavors: r-release-macos-arm64, r-release-macos-x86_64, r-oldrel-macos-arm64, r-oldrel-macos-x86_64