Last updated on 2023-03-28 06:51:28 CEST.
Flavor | Version | Tinstall | Tcheck | Ttotal | Status | Flags |
---|---|---|---|---|---|---|
r-devel-linux-x86_64-debian-clang | 2.0.10 | 103.22 | 38.88 | 142.10 | OK | |
r-devel-linux-x86_64-debian-gcc | 2.0.10 | 74.83 | 30.38 | 105.21 | OK | |
r-devel-linux-x86_64-fedora-clang | 2.0.10 | 198.87 | OK | |||
r-devel-linux-x86_64-fedora-gcc | 2.0.10 | 192.81 | OK | |||
r-patched-linux-x86_64 | 2.0.10 | 84.84 | 37.91 | 122.75 | OK | |
r-release-linux-x86_64 | 2.0.10 | 81.34 | 37.87 | 119.21 | OK | |
r-release-macos-arm64 | 2.0.10 | 40.00 | NOTE | |||
r-release-macos-x86_64 | 2.0.10 | 64.00 | NOTE | |||
r-release-windows-x86_64 | 2.0.10 | 125.00 | 96.00 | 221.00 | OK | |
r-oldrel-macos-arm64 | 2.0.10 | 42.00 | NOTE | |||
r-oldrel-macos-x86_64 | 2.0.10 | 67.00 | NOTE | |||
r-oldrel-windows-ix86+x86_64 | 2.0.10 | 225.00 | 20.00 | 245.00 | ERROR |
Version: 2.0.10
Check: installed package size
Result: NOTE
installed size is 6.7Mb
sub-directories of 1Mb or more:
libs 6.5Mb
Flavors: r-release-macos-arm64, r-release-macos-x86_64, r-oldrel-macos-arm64, r-oldrel-macos-x86_64
Version: 2.0.10
Check: package dependencies
Result: ERROR
Package required and available but unsuitable version: 'rxode2parse'
See section 'The DESCRIPTION file' in the 'Writing R Extensions'
manual.
Flavor: r-oldrel-windows-ix86+x86_64