Last updated on 2023-03-30 06:53:28 CEST.
Flavor | Version | Tinstall | Tcheck | Ttotal | Status | Flags |
---|---|---|---|---|---|---|
r-devel-linux-x86_64-debian-clang | 3.6.2 | 10.12 | 79.39 | 89.51 | OK | |
r-devel-linux-x86_64-debian-gcc | 3.6.2 | 8.41 | 59.57 | 67.98 | OK | |
r-devel-linux-x86_64-fedora-clang | 3.6.2 | 110.38 | NOTE | |||
r-devel-linux-x86_64-fedora-gcc | 3.6.2 | 117.77 | OK | |||
r-patched-linux-x86_64 | 3.6.2 | 8.94 | 76.68 | 85.62 | OK | |
r-release-linux-x86_64 | 3.6.2 | 8.05 | 76.20 | 84.25 | OK | |
r-release-macos-arm64 | 3.6.2 | 54.00 | OK | |||
r-release-macos-x86_64 | 3.6.2 | 71.00 | OK | |||
r-release-windows-x86_64 | 3.6.2 | 76.00 | 116.00 | 192.00 | OK | |
r-oldrel-macos-arm64 | 3.6.2 | 60.00 | OK | |||
r-oldrel-macos-x86_64 | 3.6.2 | 76.00 | OK | |||
r-oldrel-windows-ix86+x86_64 | 3.6.2 | 21.00 | 103.00 | 124.00 | OK |
Version: 3.6.2
Check: Rd cross-references
Result: NOTE
Undeclared package ‘rym’ in Rd xrefs
Flavor: r-devel-linux-x86_64-fedora-clang