Last updated on 2023-03-28 06:51:28 CEST.
Flavor | Version | Tinstall | Tcheck | Ttotal | Status | Flags |
---|---|---|---|---|---|---|
r-devel-linux-x86_64-debian-clang | 0.3.0 | 6.55 | 51.63 | 58.18 | OK | |
r-devel-linux-x86_64-debian-gcc | 0.3.0 | 5.30 | 38.63 | 43.93 | OK | |
r-devel-linux-x86_64-fedora-clang | 0.3.0 | 71.09 | NOTE | |||
r-devel-linux-x86_64-fedora-gcc | 0.3.0 | 66.93 | OK | |||
r-patched-linux-x86_64 | 0.3.0 | 4.49 | 48.34 | 52.83 | OK | |
r-release-linux-x86_64 | 0.3.0 | 4.07 | 48.93 | 53.00 | OK | |
r-release-macos-arm64 | 0.3.0 | 26.00 | OK | |||
r-release-macos-x86_64 | 0.3.0 | 34.00 | OK | |||
r-release-windows-x86_64 | 0.3.0 | 28.00 | 75.00 | 103.00 | OK | |
r-oldrel-macos-arm64 | 0.3.0 | 25.00 | OK | |||
r-oldrel-macos-x86_64 | 0.3.0 | 37.00 | OK | |||
r-oldrel-windows-ix86+x86_64 | 0.3.0 | 15.00 | 74.00 | 89.00 | OK |
Version: 0.3.0
Check: Rd cross-references
Result: NOTE
Undeclared package ‘jsonlite’ in Rd xrefs
Flavor: r-devel-linux-x86_64-fedora-clang