Last updated on 2022-05-29 06:51:42 CEST.
Flavor | Version | Tinstall | Tcheck | Ttotal | Status | Flags |
---|---|---|---|---|---|---|
r-devel-linux-x86_64-debian-clang | 1.0.7 | 570.05 | 62.26 | 632.31 | WARN | |
r-devel-linux-x86_64-debian-gcc | 1.0.7 | 560.99 | 48.30 | 609.29 | OK | |
r-devel-linux-x86_64-fedora-clang | 1.0.7 | 1099.13 | WARN | |||
r-devel-linux-x86_64-fedora-gcc | 1.0.7 | 922.62 | OK | |||
r-devel-windows-x86_64 | 1.0.7 | 655.00 | 155.00 | 810.00 | NOTE | |
r-patched-linux-x86_64 | 1.0.7 | 557.37 | 62.00 | 619.37 | OK | |
r-release-linux-x86_64 | 1.0.7 | 547.43 | 58.96 | 606.39 | OK | |
r-release-macos-arm64 | 1.0.7 | 203.00 | NOTE | |||
r-release-macos-x86_64 | 1.0.7 | 268.00 | NOTE | |||
r-release-windows-x86_64 | 1.0.7 | 729.00 | 162.00 | 891.00 | NOTE | |
r-oldrel-macos-arm64 | 1.0.7 | 189.00 | NOTE | |||
r-oldrel-macos-x86_64 | 1.0.7 | 256.00 | NOTE | |||
r-oldrel-windows-ix86+x86_64 | 1.0.7 | 1500.00 | 149.00 | 1649.00 | NOTE |
Version: 1.0.7
Check: whether package can be installed
Result: WARN
Found the following significant warnings:
s2/s2edge_distances.cc:282:11: warning: use of bitwise '|' with boolean operands [-Wbitwise-instead-of-logical]
s2/s2edge_distances.cc:305:11: warning: use of bitwise '|' with boolean operands [-Wbitwise-instead-of-logical]
Flavors: r-devel-linux-x86_64-debian-clang, r-devel-linux-x86_64-fedora-clang
Version: 1.0.7
Check: installed package size
Result: NOTE
installed size is 29.5Mb
sub-directories of 1Mb or more:
libs 28.4Mb
Flavors: r-devel-linux-x86_64-fedora-clang, r-devel-windows-x86_64, r-release-macos-arm64, r-release-macos-x86_64, r-release-windows-x86_64, r-oldrel-macos-arm64, r-oldrel-macos-x86_64, r-oldrel-windows-ix86+x86_64