CRAN Package Check Results for Package s2net

Last updated on 2021-06-16 06:49:24 CEST.

Flavor Version Tinstall Tcheck Ttotal Status Flags
r-devel-linux-x86_64-debian-clang 1.0.1 43.39 45.57 88.96 OK
r-devel-linux-x86_64-debian-gcc 1.0.1 28.23 34.72 62.95 OK
r-devel-linux-x86_64-fedora-clang 1.0.1 123.35 OK
r-devel-linux-x86_64-fedora-gcc 1.0.1 106.69 OK
r-devel-windows-x86_64 1.0.1 49.00 76.00 125.00 OK
r-devel-windows-x86_64-gcc10-UCRT 1.0.1 OK
r-patched-linux-x86_64 1.0.1 31.05 43.48 74.53 OK
r-patched-solaris-x86 1.0.1 125.50 OK
r-release-linux-x86_64 1.0.1 33.53 43.53 77.06 OK
r-release-macos-arm64 1.0.1 NOTE
r-release-macos-x86_64 1.0.1 OK
r-release-windows-ix86+x86_64 1.0.1 93.00 101.00 194.00 OK
r-oldrel-macos-x86_64 1.0.1 OK
r-oldrel-windows-ix86+x86_64 1.0.1 70.00 95.00 165.00 OK

Check Details

Version: 1.0.1
Check: installed package size
Result: NOTE
     installed size is 5.2Mb
     sub-directories of 1Mb or more:
     libs 4.8Mb
Flavor: r-release-macos-arm64