Last updated on 2023-06-03 07:03:52 CEST.
Flavor | Version | Tinstall | Tcheck | Ttotal | Status | Flags |
---|---|---|---|---|---|---|
r-devel-linux-x86_64-debian-clang | 0.1.0 | 29.18 | 275.51 | 304.69 | OK | |
r-devel-linux-x86_64-debian-gcc | 0.1.0 | 22.68 | 201.33 | 224.01 | OK | |
r-devel-linux-x86_64-fedora-clang | 0.1.0 | 2.01 | ERROR | |||
r-devel-linux-x86_64-fedora-gcc | 0.1.0 | 262.32 | OK | |||
r-devel-windows-x86_64 | 0.1.0 | 31.00 | 199.00 | 230.00 | OK | |
r-patched-linux-x86_64 | 0.1.0 | OK | ||||
r-release-linux-x86_64 | 0.1.0 | 31.33 | 256.70 | 288.03 | OK | |
r-release-macos-arm64 | 0.1.0 | 61.00 | OK | |||
r-release-macos-x86_64 | 0.1.0 | 150.00 | OK | |||
r-release-windows-x86_64 | 0.1.0 | 39.00 | 257.00 | 296.00 | OK | |
r-oldrel-macos-arm64 | 0.1.0 | 114.00 | OK | |||
r-oldrel-macos-x86_64 | 0.1.0 | 127.00 | OK | |||
r-oldrel-windows-x86_64 | 0.1.0 | 39.00 | 254.00 | 293.00 | OK |
Version: 0.1.0
Check: package dependencies
Result: ERROR
Package required but not available: ‘RISCA’
See section ‘The DESCRIPTION file’ in the ‘Writing R Extensions’
manual.
Flavor: r-devel-linux-x86_64-fedora-clang