Last updated on 2023-03-25 05:50:46 CET.
Flavor | Version | Tinstall | Tcheck | Ttotal | Status | Flags |
---|---|---|---|---|---|---|
r-devel-linux-x86_64-debian-clang | 0.1.0 | 3.02 | 31.70 | 34.72 | OK | |
r-devel-linux-x86_64-debian-gcc | 0.1.0 | 2.23 | 24.94 | 27.17 | OK | |
r-devel-linux-x86_64-fedora-clang | 0.1.0 | 45.36 | NOTE | |||
r-devel-linux-x86_64-fedora-gcc | 0.1.0 | 41.98 | NOTE | |||
r-patched-linux-x86_64 | 0.1.0 | 3.42 | 32.50 | 35.92 | OK | |
r-release-linux-x86_64 | 0.1.0 | 2.16 | 32.29 | 34.45 | OK | |
r-release-macos-arm64 | 0.1.0 | 21.00 | NOTE | |||
r-release-macos-x86_64 | 0.1.0 | 34.00 | NOTE | |||
r-release-windows-x86_64 | 0.1.0 | 15.00 | 61.00 | 76.00 | OK | |
r-oldrel-macos-arm64 | 0.1.0 | 17.00 | NOTE | |||
r-oldrel-macos-x86_64 | 0.1.0 | 26.00 | NOTE | |||
r-oldrel-windows-ix86+x86_64 | 0.1.0 | 8.00 | 54.00 | 62.00 | OK |
Version: 0.1.0
Check: data for non-ASCII characters
Result: NOTE
Note: found 35 marked UTF-8 strings
Flavors: r-devel-linux-x86_64-fedora-clang, r-devel-linux-x86_64-fedora-gcc, r-release-macos-arm64, r-release-macos-x86_64, r-oldrel-macos-arm64, r-oldrel-macos-x86_64