CRAN Package Check Results for Package saeHB

Last updated on 2022-10-04 07:49:59 CEST.

Flavor Version Tinstall Tcheck Ttotal Status Flags
r-devel-linux-x86_64-debian-clang 0.2.1 7.01 54.71 61.72 OK
r-devel-linux-x86_64-debian-gcc 0.2.1 6.45 40.67 47.12 OK
r-devel-linux-x86_64-fedora-clang 0.2.1 88.77 NOTE
r-devel-linux-x86_64-fedora-gcc 0.2.1 84.58 NOTE
r-devel-windows-x86_64 0.2.1 15.00 84.00 99.00 OK
r-patched-linux-x86_64 0.2.1 5.69 50.20 55.89 OK
r-release-linux-x86_64 0.2.1 7.31 51.24 58.55 OK
r-release-macos-arm64 0.2.1 25.00 NOTE
r-release-macos-x86_64 0.2.1 35.00 NOTE
r-release-windows-x86_64 0.2.1 16.00 77.00 93.00 OK
r-oldrel-macos-arm64 0.2.1 29.00 NOTE
r-oldrel-macos-x86_64 0.2.1 37.00 NOTE
r-oldrel-windows-ix86+x86_64 0.2.1 15.00 73.00 88.00 OK

Check Details

Version: 0.2.1
Check: dependencies in R code
Result: NOTE
    Namespaces in Imports field not imported from:
     ‘CARBayesdata’ ‘MASS’ ‘nimble’
     All declared Imports should be used.
Flavors: r-devel-linux-x86_64-fedora-clang, r-devel-linux-x86_64-fedora-gcc, r-release-macos-arm64, r-release-macos-x86_64, r-oldrel-macos-arm64, r-oldrel-macos-x86_64