Last updated on 2023-02-02 06:55:05 CET.
Flavor | Version | Tinstall | Tcheck | Ttotal | Status | Flags |
---|---|---|---|---|---|---|
r-devel-linux-x86_64-debian-clang | 1.2 | 66.01 | 75.58 | 141.59 | NOTE | |
r-devel-linux-x86_64-debian-gcc | 1.2 | 51.99 | 57.83 | 109.82 | NOTE | |
r-devel-linux-x86_64-fedora-clang | 1.2 | 186.14 | NOTE | |||
r-devel-linux-x86_64-fedora-gcc | 1.2 | 191.78 | NOTE | |||
r-patched-linux-x86_64 | 1.2 | 47.16 | 72.48 | 119.64 | OK | |
r-release-linux-x86_64 | 1.2 | 54.94 | 74.24 | 129.18 | OK | |
r-release-macos-arm64 | 1.2 | 50.00 | NOTE | |||
r-release-macos-x86_64 | 1.2 | 64.00 | NOTE | |||
r-release-windows-x86_64 | 1.2 | 56.00 | 132.00 | 188.00 | OK | |
r-oldrel-macos-arm64 | 1.2 | 52.00 | NOTE | |||
r-oldrel-macos-x86_64 | 1.2 | 65.00 | NOTE | |||
r-oldrel-windows-ix86+x86_64 | 1.2 | 139.00 | 137.00 | 276.00 | OK |
Version: 1.2
Check: C++ specification
Result: NOTE
Specified C++11: please update to current default of C++17
Flavors: r-devel-linux-x86_64-debian-clang, r-devel-linux-x86_64-debian-gcc, r-devel-linux-x86_64-fedora-clang, r-devel-linux-x86_64-fedora-gcc
Version: 1.2
Check: installed package size
Result: NOTE
installed size is 7.2Mb
sub-directories of 1Mb or more:
libs 6.9Mb
Flavors: r-release-macos-arm64, r-release-macos-x86_64, r-oldrel-macos-arm64, r-oldrel-macos-x86_64