CRAN Package Check Results for Package salesforcer

Last updated on 2024-06-13 06:58:17 CEST.

Flavor Version Tinstall Tcheck Ttotal Status Flags
r-devel-linux-x86_64-debian-clang 1.0.1 22.43 223.77 246.20 NOTE
r-devel-linux-x86_64-debian-gcc 1.0.1 0.79 1.80 2.59 ERROR
r-devel-linux-x86_64-fedora-clang 1.0.1 299.57 NOTE
r-devel-linux-x86_64-fedora-gcc 1.0.1 303.13 NOTE
r-devel-windows-x86_64 1.0.1 19.00 247.00 266.00 NOTE
r-patched-linux-x86_64 1.0.1 35.34 211.30 246.64 NOTE
r-release-linux-x86_64 1.0.1 14.46 210.90 225.36 NOTE
r-release-macos-arm64 1.0.1 94.00 NOTE
r-release-macos-x86_64 1.0.1 219.00 NOTE
r-release-windows-x86_64 1.0.1 23.00 251.00 274.00 NOTE
r-oldrel-macos-arm64 1.0.1 80.00 OK
r-oldrel-macos-x86_64 1.0.1 131.00 OK
r-oldrel-windows-x86_64 1.0.1 29.00 242.00 271.00 OK

Check Details

Version: 1.0.1
Check: Rd files
Result: NOTE checkRd: (-1) sf_get_all_jobs_bulk.Rd:42-43: Lost braces in \itemize; meant \describe ? checkRd: (-1) sf_get_all_jobs_bulk.Rd:44-46: Lost braces in \itemize; meant \describe ? checkRd: (-1) sf_get_all_query_jobs_bulk.Rd:43-44: Lost braces in \itemize; meant \describe ? checkRd: (-1) sf_get_all_query_jobs_bulk.Rd:45-47: Lost braces in \itemize; meant \describe ? checkRd: (-1) sf_get_all_query_jobs_bulk.Rd:48-50: Lost braces in \itemize; meant \describe ? checkRd: (-1) valid_metadata_list.Rd:10: Lost braces 10 | code{list}; contains name and valid inputs for data types | ^ Flavors: r-devel-linux-x86_64-debian-clang, r-devel-linux-x86_64-fedora-clang, r-devel-linux-x86_64-fedora-gcc, r-devel-windows-x86_64, r-patched-linux-x86_64, r-release-linux-x86_64, r-release-macos-arm64, r-release-macos-x86_64, r-release-windows-x86_64

Version: 1.0.1
Check: package dependencies
Result: ERROR Packages required but not available: 'dplyr', 'purrr', 'vctrs', 'tibble', 'readr', 'lubridate' Packages suggested but not available for checking: 'testthat', 'ggplot2' See section ‘The DESCRIPTION file’ in the ‘Writing R Extensions’ manual. Flavor: r-devel-linux-x86_64-debian-gcc