CRAN Package Check Results for Package sambia

Last updated on 2023-06-03 07:03:51 CEST.

Flavor Version Tinstall Tcheck Ttotal Status Flags
r-devel-linux-x86_64-debian-clang 0.1.0 11.13 106.02 117.15 NOTE
r-devel-linux-x86_64-debian-gcc 0.1.0 7.88 78.22 86.10 NOTE
r-devel-linux-x86_64-fedora-clang 0.1.0 146.49 NOTE
r-devel-linux-x86_64-fedora-gcc 0.1.0 134.50 NOTE
r-devel-windows-x86_64 0.1.0 11.00 88.00 99.00 NOTE
r-patched-linux-x86_64 0.1.0 NOTE
r-release-linux-x86_64 0.1.0 10.31 98.00 108.31 NOTE
r-release-macos-arm64 0.1.0 42.00 NOTE
r-release-macos-x86_64 0.1.0 72.00 NOTE
r-release-windows-x86_64 0.1.0 13.00 110.00 123.00 NOTE
r-oldrel-macos-arm64 0.1.0 38.00 NOTE
r-oldrel-macos-x86_64 0.1.0 73.00 NOTE
r-oldrel-windows-x86_64 0.1.0 14.00 110.00 124.00 NOTE

Check Details

Version: 0.1.0
Check: LazyData
Result: NOTE
     'LazyData' is specified without a 'data' directory
Flavors: r-devel-linux-x86_64-debian-clang, r-devel-linux-x86_64-debian-gcc, r-devel-linux-x86_64-fedora-clang, r-devel-linux-x86_64-fedora-gcc, r-devel-windows-x86_64, r-patched-linux-x86_64, r-release-linux-x86_64, r-release-macos-arm64, r-release-macos-x86_64, r-release-windows-x86_64, r-oldrel-macos-arm64, r-oldrel-macos-x86_64, r-oldrel-windows-x86_64