CRAN Package Check Results for Package samc

Last updated on 2022-10-04 07:49:59 CEST.

Flavor Version Tinstall Tcheck Ttotal Status Flags
r-devel-linux-x86_64-debian-clang 2.0.1 184.82 467.31 652.13 OK
r-devel-linux-x86_64-debian-gcc 2.0.1 153.78 353.34 507.12 OK
r-devel-linux-x86_64-fedora-clang 2.0.1 821.93 NOTE
r-devel-linux-x86_64-fedora-gcc 2.0.1 811.48 OK
r-devel-windows-x86_64 2.0.1 197.00 520.00 717.00 NOTE
r-patched-linux-x86_64 2.0.1 170.18 463.77 633.95 OK
r-release-linux-x86_64 2.0.1 162.78 449.10 611.88 OK
r-release-macos-arm64 2.0.1 209.00 NOTE
r-release-macos-x86_64 2.0.1 261.00 NOTE
r-release-windows-x86_64 2.0.1 165.00 515.00 680.00 NOTE
r-oldrel-macos-arm64 2.0.1 239.00 NOTE
r-oldrel-macos-x86_64 2.0.1 309.00 NOTE
r-oldrel-windows-ix86+x86_64 2.0.1 388.00 815.00 1203.00 NOTE

Check Details

Version: 2.0.1
Check: installed package size
Result: NOTE
     installed size is 5.4Mb
     sub-directories of 1Mb or more:
     doc 4.0Mb
Flavors: r-devel-linux-x86_64-fedora-clang, r-devel-windows-x86_64, r-release-macos-arm64, r-release-macos-x86_64, r-release-windows-x86_64, r-oldrel-macos-arm64, r-oldrel-macos-x86_64, r-oldrel-windows-ix86+x86_64