CRAN Package Check Results for Package sandwich

Last updated on 2022-08-15 06:49:18 CEST.

Flavor Version Tinstall Tcheck Ttotal Status Flags
r-devel-linux-x86_64-debian-clang 3.0-2 6.52 328.68 335.20 OK
r-devel-linux-x86_64-debian-gcc 3.0-2 4.27 239.75 244.02 OK
r-devel-linux-x86_64-fedora-clang 3.0-2 414.58 OK
r-devel-linux-x86_64-fedora-gcc 3.0-2 408.29 OK
r-devel-windows-x86_64 3.0-2 43.00 389.00 432.00 OK
r-patched-linux-x86_64 3.0-2 5.80 276.38 282.18 OK
r-release-linux-x86_64 3.0-2 6.43 277.63 284.06 OK
r-release-macos-arm64 3.0-2 138.00 OK
r-release-macos-x86_64 3.0-2 157.00 NOTE
r-release-windows-x86_64 3.0-2 42.00 356.00 398.00 OK
r-oldrel-macos-arm64 3.0-2 134.00 OK
r-oldrel-macos-x86_64 3.0-2 163.00 OK
r-oldrel-windows-ix86+x86_64 3.0-2 11.00 351.00 362.00 OK

Additional issues

ATLAS M1mac MKL OpenBLAS

Check Details

Version: 3.0-2
Check: package dependencies
Result: NOTE
    Package suggested but not available for checking: ‘pcse’
Flavor: r-release-macos-x86_64

Version: 3.0-2
Check: running R code from vignettes
Result: NOTE
     ‘sandwich-CL.Rnw’... [7s/7s] NOTE
    differences from ‘sandwich-CL.Rout.save’
    63,64c63,69
    < Warning in library(package, lib.loc = lib.loc, character.only = TRUE, logical.return = TRUE, :
    < there is no package called 'pcse'
    ---
    >
    > Attaching package: 'pcse'
    >
    > The following object is masked from 'package:sandwich':
    >
    > vcovPC
    >
    165,166c170,171
    < (Intercept) 0.022201 0.028359
    < x 0.025276 0.028583
    ---
    > (Intercept) 0.022201 0.022201
    > x 0.025276 0.025276
    176,177c181,182
    < (Intercept) 0.022070 0.028359 0.022603 0.028359
    < x 0.025338 0.028581 0.025241 0.028581
    ---
    > (Intercept) 0.022070 0.022070 0.022603 0.022603
    > x 0.025338 0.025338 0.025241 0.025241
     ‘sandwich-OOP.Rnw’... [2s/2s] OK
     ‘sandwich.Rnw’... [1s/1s] OK
Flavor: r-release-macos-x86_64