Last updated on 2023-03-25 05:50:44 CET.
Flavor | Version | Tinstall | Tcheck | Ttotal | Status | Flags |
---|---|---|---|---|---|---|
r-devel-linux-x86_64-debian-clang | 1.0.2 | 3.04 | 41.41 | 44.45 | NOTE | |
r-devel-linux-x86_64-debian-gcc | 1.0.2 | 2.22 | 30.55 | 32.77 | NOTE | |
r-devel-linux-x86_64-fedora-clang | 1.0.2 | 55.54 | NOTE | |||
r-devel-linux-x86_64-fedora-gcc | 1.0.2 | 51.56 | NOTE | |||
r-patched-linux-x86_64 | 1.0.2 | 2.94 | 40.64 | 43.58 | NOTE | |
r-release-linux-x86_64 | 1.0.2 | 2.16 | 40.93 | 43.09 | NOTE | |
r-release-macos-arm64 | 1.0.2 | 21.00 | NOTE | |||
r-release-macos-x86_64 | 1.0.2 | 27.00 | NOTE | |||
r-release-windows-x86_64 | 1.0.2 | 7.00 | 68.00 | 75.00 | NOTE | |
r-oldrel-macos-arm64 | 1.0.2 | 24.00 | NOTE | |||
r-oldrel-macos-x86_64 | 1.0.2 | 46.00 | NOTE | |||
r-oldrel-windows-ix86+x86_64 | 1.0.2 | 6.00 | 119.00 | 125.00 | NOTE |
Version: 1.0.2
Check: LazyData
Result: NOTE
'LazyData' is specified without a 'data' directory
Flavors: r-devel-linux-x86_64-debian-clang, r-devel-linux-x86_64-debian-gcc, r-devel-linux-x86_64-fedora-clang, r-devel-linux-x86_64-fedora-gcc, r-patched-linux-x86_64, r-release-linux-x86_64, r-release-macos-arm64, r-release-macos-x86_64, r-release-windows-x86_64, r-oldrel-macos-arm64, r-oldrel-macos-x86_64, r-oldrel-windows-ix86+x86_64