Last updated on 2023-01-27 07:50:44 CET.
Flavor | Version | Tinstall | Tcheck | Ttotal | Status | Flags |
---|---|---|---|---|---|---|
r-devel-linux-x86_64-debian-clang | 1.0.0 | 41.38 | 205.71 | 247.09 | OK | |
r-devel-linux-x86_64-debian-gcc | 1.0.0 | 36.06 | 147.17 | 183.23 | NOTE | |
r-devel-linux-x86_64-fedora-clang | 1.0.0 | 321.95 | NOTE | |||
r-devel-linux-x86_64-fedora-gcc | 1.0.0 | 324.25 | NOTE | |||
r-patched-linux-x86_64 | 1.0.0 | 40.01 | 188.37 | 228.38 | OK | |
r-release-linux-x86_64 | 1.0.0 | 30.78 | 197.83 | 228.61 | OK | |
r-release-macos-arm64 | 1.0.0 | 75.00 | OK | |||
r-release-macos-x86_64 | 1.0.0 | 128.00 | OK | |||
r-release-windows-x86_64 | 1.0.0 | 55.00 | 244.00 | 299.00 | OK | |
r-oldrel-macos-arm64 | 1.0.0 | 92.00 | OK | |||
r-oldrel-macos-x86_64 | 1.0.0 | 146.00 | OK | |||
r-oldrel-windows-ix86+x86_64 | 1.0.0 | 113.00 | 361.00 | 474.00 | OK |
Version: 1.0.0
Check: C++ specification
Result: NOTE
Specified C++11: please update to current default of C++17
Flavors: r-devel-linux-x86_64-debian-gcc, r-devel-linux-x86_64-fedora-clang, r-devel-linux-x86_64-fedora-gcc