CRAN Package Check Results for Package sbo

Last updated on 2021-11-29 06:48:42 CET.

Flavor Version Tinstall Tcheck Ttotal Status Flags
r-devel-linux-x86_64-debian-clang 0.5.0 OK
r-devel-linux-x86_64-debian-gcc 0.5.0 86.19 105.13 191.32 OK
r-devel-linux-x86_64-fedora-clang 0.5.0 370.68 NOTE
r-devel-linux-x86_64-fedora-gcc 0.5.0 332.49 OK
r-devel-windows-x86_64-new-UL 0.5.0 166.00 219.00 385.00 NOTE
r-devel-windows-x86_64-new-TK 0.5.0 OK
r-devel-windows-x86_64-old 0.5.0 124.00 198.00 322.00 NOTE
r-patched-linux-x86_64 0.5.0 101.54 135.65 237.19 OK
r-patched-solaris-x86 0.5.0 259.10 OK
r-release-linux-x86_64 0.5.0 91.44 134.27 225.71 OK
r-release-macos-arm64 0.5.0 NOTE
r-release-macos-x86_64 0.5.0 NOTE
r-release-windows-ix86+x86_64 0.5.0 276.00 169.00 445.00 NOTE
r-oldrel-macos-x86_64 0.5.0 NOTE
r-oldrel-windows-ix86+x86_64 0.5.0 278.00 234.00 512.00 NOTE

Check Details

Version: 0.5.0
Check: installed package size
Result: NOTE
     installed size is 8.1Mb
     sub-directories of 1Mb or more:
     data 3.9Mb
     libs 3.8Mb
Flavors: r-devel-linux-x86_64-fedora-clang, r-devel-windows-x86_64-new-UL, r-devel-windows-x86_64-old, r-release-macos-arm64, r-release-macos-x86_64, r-release-windows-ix86+x86_64, r-oldrel-macos-x86_64, r-oldrel-windows-ix86+x86_64