CRAN Package Check Results for Package scLink

Last updated on 2022-06-26 06:50:48 CEST.

Flavor Version Tinstall Tcheck Ttotal Status Flags
r-devel-linux-x86_64-debian-clang 1.0.1 2.36 48.42 50.78 NOTE
r-devel-linux-x86_64-debian-gcc 1.0.1 1.95 37.55 39.50 NOTE
r-devel-linux-x86_64-fedora-clang 1.0.1 73.60 NOTE
r-devel-linux-x86_64-fedora-gcc 1.0.1 73.53 NOTE
r-devel-windows-x86_64 1.0.1 14.00 83.00 97.00 NOTE
r-patched-linux-x86_64 1.0.1 2.92 49.02 51.94 NOTE
r-release-linux-x86_64 1.0.1 2.26 48.00 50.26 NOTE
r-release-macos-arm64 1.0.1 26.00 NOTE
r-release-macos-x86_64 1.0.1 38.00 NOTE
r-release-windows-x86_64 1.0.1 18.00 79.00 97.00 NOTE
r-oldrel-macos-arm64 1.0.1 31.00 NOTE
r-oldrel-macos-x86_64 1.0.1 52.00 NOTE
r-oldrel-windows-ix86+x86_64 1.0.1 9.00 68.00 77.00 NOTE

Check Details

Version: 1.0.1
Check: LazyData
Result: NOTE
     'LazyData' is specified without a 'data' directory
Flavors: r-devel-linux-x86_64-debian-clang, r-devel-linux-x86_64-debian-gcc, r-devel-linux-x86_64-fedora-clang, r-devel-linux-x86_64-fedora-gcc, r-devel-windows-x86_64, r-patched-linux-x86_64, r-release-linux-x86_64, r-release-macos-arm64, r-release-macos-x86_64, r-release-windows-x86_64, r-oldrel-macos-arm64, r-oldrel-macos-x86_64, r-oldrel-windows-ix86+x86_64