CRAN Package Check Results for Package scMappR

Last updated on 2020-10-20 06:46:57 CEST.

Flavor Version Tinstall Tcheck Ttotal Status Flags
r-devel-linux-x86_64-debian-clang 0.1.4 0.56 2.58 3.14 ERROR
r-devel-linux-x86_64-debian-gcc 0.1.4 41.35 336.87 378.22 OK
r-devel-linux-x86_64-fedora-clang 0.1.4 715.47 OK
r-devel-linux-x86_64-fedora-gcc 0.1.4 706.56 OK
r-devel-windows-ix86+x86_64 0.1.4 85.00 375.00 460.00 OK
r-patched-linux-x86_64 0.1.4 34.86 401.92 436.78 OK
r-patched-solaris-x86 0.1.4 744.90 OK
r-release-linux-x86_64 0.1.4 41.17 396.66 437.83 OK
r-release-macos-x86_64 0.1.4 OK
r-release-windows-ix86+x86_64 0.1.4 107.00 393.00 500.00 OK
r-oldrel-macos-x86_64 0.1.4 ERROR
r-oldrel-windows-ix86+x86_64 0.1.1 78.00 400.00 478.00 OK

Check Details

Version: 0.1.4
Check: package dependencies
Result: ERROR
    Package required but not available: 'GSVA'
    
    See section 'The DESCRIPTION file' in the 'Writing R Extensions'
    manual.
Flavor: r-devel-linux-x86_64-debian-clang

Version: 0.1.4
Check: whether package can be installed
Result: ERROR
    Installation failed.
Flavor: r-oldrel-macos-x86_64