CRAN Package Check Results for Package scUtils

Last updated on 2025-01-22 07:50:38 CET.

Flavor Version Tinstall Tcheck Ttotal Status Flags
r-devel-linux-x86_64-debian-clang 0.1.0 4.54 46.22 50.76 OK
r-devel-linux-x86_64-debian-gcc 0.1.0 3.00 34.31 37.31 OK
r-devel-linux-x86_64-fedora-clang 0.1.0 78.74 OK
r-devel-linux-x86_64-fedora-gcc 0.1.0 73.47 OK
r-devel-windows-x86_64 0.1.0 6.00 63.00 69.00 OK
r-patched-linux-x86_64 0.1.0 4.05 42.46 46.51 NOTE
r-release-linux-x86_64 0.1.0 4.08 43.46 47.54 NOTE
r-release-macos-arm64 0.1.0 25.00 NOTE
r-release-macos-x86_64 0.1.0 38.00 NOTE
r-release-windows-x86_64 0.1.0 7.00 62.00 69.00 NOTE
r-oldrel-macos-arm64 0.1.0 24.00 NOTE
r-oldrel-macos-x86_64 0.1.0 41.00 NOTE
r-oldrel-windows-x86_64 0.1.0 8.00 80.00 88.00 NOTE

Check Details

Version: 0.1.0
Check: LazyData
Result: NOTE 'LazyData' is specified without a 'data' directory Flavors: r-patched-linux-x86_64, r-release-linux-x86_64, r-release-macos-arm64, r-release-macos-x86_64, r-release-windows-x86_64, r-oldrel-macos-arm64, r-oldrel-macos-x86_64, r-oldrel-windows-x86_64