Last updated on 2022-07-02 07:07:10 CEST.
Flavor | Version | Tinstall | Tcheck | Ttotal | Status | Flags |
---|---|---|---|---|---|---|
r-devel-linux-x86_64-debian-clang | 2.3.3 | 17.71 | 168.15 | 185.86 | NOTE | |
r-devel-linux-x86_64-debian-gcc | 2.3.3 | 13.90 | 122.91 | 136.81 | NOTE | |
r-devel-linux-x86_64-fedora-clang | 2.3.3 | 225.51 | NOTE | |||
r-devel-linux-x86_64-fedora-gcc | 2.3.3 | 226.28 | NOTE | |||
r-devel-windows-x86_64 | 2.3.3 | 35.00 | 227.00 | 262.00 | NOTE | |
r-patched-linux-x86_64 | 2.3.3 | 12.49 | 156.69 | 169.18 | OK | |
r-release-linux-x86_64 | 2.3.3 | 11.57 | 154.55 | 166.12 | OK | |
r-release-macos-arm64 | 2.3.3 | 63.00 | OK | |||
r-release-macos-x86_64 | 2.3.3 | 114.00 | OK | |||
r-release-windows-x86_64 | 2.3.3 | 29.00 | 225.00 | 254.00 | OK | |
r-oldrel-macos-arm64 | 2.3.3 | 88.00 | OK | |||
r-oldrel-macos-x86_64 | 2.3.3 | 136.00 | OK | |||
r-oldrel-windows-ix86+x86_64 | 2.3.3 | 34.00 | 199.00 | 233.00 | OK |
Version: 2.3.3
Check: Rd files
Result: NOTE
checkRd: (-1) x.oreo.Rd:48: Escaped LaTeX specials: \_ \_
Flavors: r-devel-linux-x86_64-debian-clang, r-devel-linux-x86_64-debian-gcc, r-devel-linux-x86_64-fedora-clang, r-devel-linux-x86_64-fedora-gcc, r-devel-windows-x86_64