CRAN Package Check Results for Package scbursts

Last updated on 2022-01-22 06:49:06 CET.

Flavor Version Tinstall Tcheck Ttotal Status Flags
r-devel-linux-x86_64-debian-clang 1.6 4.54 64.50 69.04 NOTE
r-devel-linux-x86_64-debian-gcc 1.6 3.96 49.80 53.76 NOTE
r-devel-linux-x86_64-fedora-clang 1.6 85.54 NOTE
r-devel-linux-x86_64-fedora-gcc 1.6 73.39 NOTE
r-devel-windows-x86_64-new-UL 1.6 71.00 135.00 206.00 NOTE
r-devel-windows-x86_64-new-TK 1.6 NOTE
r-patched-linux-x86_64 1.6 5.55 60.60 66.15 NOTE
r-release-linux-x86_64 1.6 5.51 61.54 67.05 NOTE
r-release-macos-arm64 1.6 NOTE
r-release-macos-x86_64 1.6 NOTE
r-release-windows-ix86+x86_64 1.6 12.00 90.00 102.00 NOTE
r-oldrel-macos-x86_64 1.6 OK
r-oldrel-windows-ix86+x86_64 1.6 11.00 90.00 101.00 OK

Check Details

Version: 1.6
Check: LazyData
Result: NOTE
     'LazyData' is specified without a 'data' directory
Flavors: r-devel-linux-x86_64-debian-clang, r-devel-linux-x86_64-debian-gcc, r-devel-linux-x86_64-fedora-clang, r-devel-linux-x86_64-fedora-gcc, r-devel-windows-x86_64-new-UL, r-devel-windows-x86_64-new-TK, r-patched-linux-x86_64, r-release-linux-x86_64, r-release-macos-arm64, r-release-macos-x86_64, r-release-windows-ix86+x86_64