Last updated on 2023-06-01 06:58:45 CEST.
Flavor | Version | Tinstall | Tcheck | Ttotal | Status | Flags |
---|---|---|---|---|---|---|
r-devel-linux-x86_64-debian-clang | 1.4.1 | 258.87 | 91.91 | 350.78 | NOTE | |
r-devel-linux-x86_64-debian-gcc | 1.4.1 | 200.18 | 78.79 | 278.97 | NOTE | |
r-devel-linux-x86_64-fedora-clang | 1.4.1 | 565.44 | NOTE | |||
r-devel-linux-x86_64-fedora-gcc | 1.4.1 | 594.49 | NOTE | |||
r-devel-windows-x86_64 | 1.4.1 | 169.00 | 100.00 | 269.00 | NOTE | |
r-patched-linux-x86_64 | 1.4.1 | NOTE | ||||
r-release-linux-x86_64 | 1.4.1 | 214.38 | 102.81 | 317.19 | NOTE | |
r-release-macos-arm64 | 1.4.1 | 131.00 | NOTE | |||
r-release-macos-x86_64 | 1.4.1 | 214.00 | NOTE | |||
r-release-windows-x86_64 | 1.4.1 | 183.00 | 116.00 | 299.00 | NOTE | |
r-oldrel-macos-arm64 | 1.4.1 | 117.00 | NOTE | |||
r-oldrel-macos-x86_64 | 1.4.1 | 145.00 | NOTE | |||
r-oldrel-windows-x86_64 | 1.4.1 | 242.00 | 108.00 | 350.00 | NOTE |
Version: 1.4.1
Check: C++ specification
Result: NOTE
Specified C++14: please drop specification unless essential
Flavors: r-devel-linux-x86_64-debian-clang, r-devel-linux-x86_64-debian-gcc, r-devel-linux-x86_64-fedora-clang, r-devel-linux-x86_64-fedora-gcc, r-devel-windows-x86_64, r-patched-linux-x86_64, r-release-linux-x86_64, r-release-macos-arm64, r-release-macos-x86_64, r-release-windows-x86_64
Version: 1.4.1
Check: package dependencies
Result: NOTE
Package suggested but not available for checking: ‘DuoClustering2018’
Flavors: r-devel-linux-x86_64-fedora-clang, r-devel-linux-x86_64-fedora-gcc, r-devel-windows-x86_64, r-release-macos-arm64, r-release-macos-x86_64, r-release-windows-x86_64, r-oldrel-macos-arm64, r-oldrel-macos-x86_64, r-oldrel-windows-x86_64
Version: 1.4.1
Check: dependencies in R code
Result: NOTE
Namespace in Imports field not imported from: ‘cluster’
All declared Imports should be used.
Flavors: r-devel-linux-x86_64-fedora-clang, r-devel-linux-x86_64-fedora-gcc
Version: 1.4.1
Check: installed package size
Result: NOTE
installed size is 16.7Mb
sub-directories of 1Mb or more:
libs 16.1Mb
Flavors: r-release-macos-arm64, r-release-macos-x86_64, r-oldrel-macos-arm64, r-oldrel-macos-x86_64