CRAN Package Check Results for Package schoRsch

Last updated on 2024-02-26 07:50:13 CET.

Flavor Version Tinstall Tcheck Ttotal Status Flags
r-devel-linux-x86_64-debian-clang 1.10 2.85 24.32 27.17 NOTE
r-devel-linux-x86_64-debian-gcc 1.10 2.12 18.90 21.02 NOTE
r-devel-linux-x86_64-fedora-clang 1.10 33.48 OK
r-devel-linux-x86_64-fedora-gcc 1.10 32.15 OK
r-devel-windows-x86_64 1.10 3.00 42.00 45.00 OK
r-patched-linux-x86_64 1.10 3.19 24.46 27.65 OK
r-release-linux-x86_64 1.10 2.56 24.40 26.96 OK
r-release-macos-arm64 1.10 16.00 OK
r-release-macos-x86_64 1.10 21.00 OK
r-release-windows-x86_64 1.10 4.00 43.00 47.00 OK
r-oldrel-macos-arm64 1.10 18.00 OK
r-oldrel-windows-x86_64 1.10 4.00 45.00 49.00 OK

Check Details

Version: 1.10
Check: Rd files
Result: NOTE checkRd: (-1) schoRsch.Rd:21: Lost braces in \itemize; meant \describe ? checkRd: (-1) schoRsch.Rd:22: Lost braces in \itemize; meant \describe ? checkRd: (-1) schoRsch.Rd:23: Lost braces in \itemize; meant \describe ? checkRd: (-1) schoRsch.Rd:24: Lost braces in \itemize; meant \describe ? checkRd: (-1) schoRsch.Rd:25: Lost braces in \itemize; meant \describe ? checkRd: (-1) schoRsch.Rd:26: Lost braces in \itemize; meant \describe ? checkRd: (-1) schoRsch.Rd:27: Lost braces in \itemize; meant \describe ? checkRd: (-1) schoRsch.Rd:28: Lost braces in \itemize; meant \describe ? checkRd: (-1) schoRsch.Rd:29: Lost braces in \itemize; meant \describe ? checkRd: (-1) schoRsch.Rd:30: Lost braces in \itemize; meant \describe ? checkRd: (-1) schoRsch.Rd:31: Lost braces in \itemize; meant \describe ? checkRd: (-1) schoRsch.Rd:35: Lost braces in \itemize; meant \describe ? checkRd: (-1) schoRsch.Rd:36: Lost braces in \itemize; meant \describe ? checkRd: (-1) schoRsch.Rd:37: Lost braces in \itemize; meant \describe ? checkRd: (-1) schoRsch.Rd:38: Lost braces in \itemize; meant \describe ? checkRd: (-1) schoRsch.Rd:39: Lost braces in \itemize; meant \describe ? checkRd: (-1) schoRsch.Rd:40: Lost braces in \itemize; meant \describe ? checkRd: (-1) schoRsch.Rd:41: Lost braces in \itemize; meant \describe ? checkRd: (-1) schoRsch.Rd:42: Lost braces in \itemize; meant \describe ? checkRd: (-1) schoRsch.Rd:43: Lost braces in \itemize; meant \describe ? checkRd: (-1) schoRsch.Rd:44: Lost braces in \itemize; meant \describe ? checkRd: (-1) schoRsch.Rd:45: Lost braces in \itemize; meant \describe ? Flavors: r-devel-linux-x86_64-debian-clang, r-devel-linux-x86_64-debian-gcc