CRAN Package Check Results for Package sde

Last updated on 2020-09-22 06:47:42 CEST.

Flavor Version Tinstall Tcheck Ttotal Status Flags
r-devel-linux-x86_64-debian-clang 2.0.15 9.17 85.82 94.99 OK
r-devel-linux-x86_64-debian-gcc 2.0.15 0.39 2.39 2.78 ERROR
r-devel-linux-x86_64-fedora-clang 2.0.15 125.66 NOTE
r-devel-linux-x86_64-fedora-gcc 2.0.15 115.02 NOTE
r-devel-windows-ix86+x86_64 2.0.15 26.00 122.00 148.00 OK
r-patched-linux-x86_64 2.0.15 11.25 81.01 92.26 OK
r-patched-solaris-x86 2.0.15 163.50 OK
r-release-linux-x86_64 2.0.15 11.38 80.81 92.19 OK
r-release-macos-x86_64 2.0.15 OK
r-release-windows-ix86+x86_64 2.0.15 24.00 161.00 185.00 OK
r-oldrel-macos-x86_64 2.0.15 OK
r-oldrel-windows-ix86+x86_64 2.0.15 18.00 140.00 158.00 OK

Check Details

Version: 2.0.15
Check: whether package can be installed
Result: ERROR
    Installation failed.
Flavor: r-devel-linux-x86_64-debian-gcc

Version: 2.0.15
Check: compiled code
Result: NOTE
    File ‘sde/libs/sde.so’:
     Found no call to: ‘R_useDynamicSymbols’
    
    It is good practice to register native routines and to disable symbol
    search.
    
    See ‘Writing portable packages’ in the ‘Writing R Extensions’ manual.
Flavors: r-devel-linux-x86_64-fedora-clang, r-devel-linux-x86_64-fedora-gcc