CRAN Package Check Results for Package sde

Last updated on 2020-11-24 06:46:57 CET.

Flavor Version Tinstall Tcheck Ttotal Status Flags
r-devel-linux-x86_64-debian-clang 2.0.15 13.20 88.80 102.00 OK
r-devel-linux-x86_64-debian-gcc 2.0.15 10.08 68.02 78.10 OK
r-devel-linux-x86_64-fedora-clang 2.0.15 123.32 NOTE
r-devel-linux-x86_64-fedora-gcc 2.0.15 116.16 NOTE
r-devel-windows-ix86+x86_64 2.0.15 23.00 150.00 173.00 OK
r-patched-linux-x86_64 2.0.15 12.01 86.84 98.85 OK
r-patched-solaris-x86 2.0.15 162.70 OK
r-release-linux-x86_64 2.0.15 11.09 83.20 94.29 OK
r-release-macos-x86_64 2.0.15 OK
r-release-windows-ix86+x86_64 2.0.15 19.00 135.00 154.00 OK
r-oldrel-macos-x86_64 2.0.15 OK
r-oldrel-windows-ix86+x86_64 2.0.15 18.00 140.00 158.00 OK

Check Details

Version: 2.0.15
Check: compiled code
Result: NOTE
    File ‘sde/libs/sde.so’:
     Found no call to: ‘R_useDynamicSymbols’
    
    It is good practice to register native routines and to disable symbol
    search.
    
    See ‘Writing portable packages’ in the ‘Writing R Extensions’ manual.
Flavors: r-devel-linux-x86_64-fedora-clang, r-devel-linux-x86_64-fedora-gcc