CRAN Package Check Results for Package sdef

Last updated on 2022-08-13 07:11:46 CEST.

Flavor Version Tinstall Tcheck Ttotal Status Flags
r-devel-linux-x86_64-debian-clang 1.7 2.96 53.14 56.10 NOTE
r-devel-linux-x86_64-debian-gcc 1.7 2.68 36.71 39.39 NOTE
r-devel-linux-x86_64-fedora-clang 1.7 75.15 NOTE
r-devel-linux-x86_64-fedora-gcc 1.7 77.86 NOTE
r-devel-windows-x86_64 1.7 12.00 71.00 83.00 OK
r-patched-linux-x86_64 1.7 3.59 48.45 52.04 NOTE
r-release-linux-x86_64 1.7 2.89 49.83 52.72 NOTE
r-release-macos-arm64 1.7 25.00 OK
r-release-macos-x86_64 1.7 29.00 OK
r-release-windows-x86_64 1.7 9.00 68.00 77.00 OK
r-oldrel-macos-arm64 1.7 25.00 OK
r-oldrel-macos-x86_64 1.7 38.00 OK
r-oldrel-windows-ix86+x86_64 1.7 7.00 46.00 53.00 OK

Check Details

Version: 1.7
Check: for non-standard things in the check directory
Result: NOTE
    Found the following files/directories:
     'MC p-value.ps' 'Output.csv' 'Rh.ps' 'Th.ps' 'dataratio .Rdata'
     'featuresRmax.csv' 'featuresT.csv'
Flavors: r-devel-linux-x86_64-debian-clang, r-devel-linux-x86_64-debian-gcc, r-devel-linux-x86_64-fedora-clang, r-devel-linux-x86_64-fedora-gcc, r-patched-linux-x86_64, r-release-linux-x86_64