CRAN Package Check Results for Package sdmApp

Last updated on 2022-08-13 07:11:46 CEST.

Flavor Version Tinstall Tcheck Ttotal Status Flags
r-devel-linux-x86_64-debian-clang 0.0.2 3.17 56.23 59.40 OK
r-devel-linux-x86_64-debian-gcc 0.0.2 2.24 42.47 44.71 OK
r-devel-linux-x86_64-fedora-clang 0.0.2 79.74 NOTE
r-devel-linux-x86_64-fedora-gcc 0.0.2 77.61 NOTE
r-devel-windows-x86_64 0.0.2 58.00 84.00 142.00 OK
r-patched-linux-x86_64 0.0.2 4.80 54.35 59.15 OK
r-release-linux-x86_64 0.0.2 3.06 53.10 56.16 OK
r-release-macos-arm64 0.0.2 23.00 NOTE
r-release-macos-x86_64 0.0.2 48.00 NOTE
r-release-windows-x86_64 0.0.2 50.00 87.00 137.00 OK
r-oldrel-macos-arm64 0.0.2 28.00 NOTE
r-oldrel-macos-x86_64 0.0.2 27.00 NOTE
r-oldrel-windows-ix86+x86_64 0.0.2 39.00 77.00 116.00 OK

Check Details

Version: 0.0.2
Check: dependencies in R code
Result: NOTE
    Namespace in Imports field not imported from: ‘sp’
     All declared Imports should be used.
Flavors: r-devel-linux-x86_64-fedora-clang, r-devel-linux-x86_64-fedora-gcc, r-release-macos-arm64, r-release-macos-x86_64, r-oldrel-macos-arm64, r-oldrel-macos-x86_64