CRAN Package Check Results for Package secuTrialR

Last updated on 2022-08-15 06:49:19 CEST.

Flavor Version Tinstall Tcheck Ttotal Status Flags
r-devel-linux-x86_64-debian-clang 1.0.9 10.23 119.02 129.25 NOTE
r-devel-linux-x86_64-debian-gcc 1.0.9 8.49 87.38 95.87 NOTE
r-devel-linux-x86_64-fedora-clang 1.0.9 164.94 NOTE
r-devel-linux-x86_64-fedora-gcc 1.0.9 169.25 NOTE
r-devel-windows-x86_64 1.0.9 461.00 153.00 614.00 NOTE
r-patched-linux-x86_64 1.0.9 10.16 114.45 124.61 NOTE
r-release-linux-x86_64 1.0.9 7.87 114.44 122.31 NOTE
r-release-macos-arm64 1.0.9 46.00 NOTE
r-release-macos-x86_64 1.0.9 76.00 NOTE
r-release-windows-x86_64 1.0.9 943.00 188.00 1131.00 NOTE
r-oldrel-macos-arm64 1.0.9 53.00 NOTE
r-oldrel-macos-x86_64 1.0.9 72.00 NOTE
r-oldrel-windows-ix86+x86_64 1.0.9 27.00 203.00 230.00 NOTE

Check Details

Version: 1.0.9
Check: LazyData
Result: NOTE
     'LazyData' is specified without a 'data' directory
Flavors: r-devel-linux-x86_64-debian-clang, r-devel-linux-x86_64-debian-gcc, r-devel-linux-x86_64-fedora-clang, r-devel-linux-x86_64-fedora-gcc, r-devel-windows-x86_64, r-patched-linux-x86_64, r-release-linux-x86_64, r-release-macos-arm64, r-release-macos-x86_64, r-release-windows-x86_64, r-oldrel-macos-arm64, r-oldrel-macos-x86_64, r-oldrel-windows-ix86+x86_64