CRAN Package Check Results for Package secure

Last updated on 2022-08-13 07:11:46 CEST.

Flavor Version Tinstall Tcheck Ttotal Status Flags
r-devel-linux-x86_64-debian-clang 0.6 40.53 40.09 80.62 OK
r-devel-linux-x86_64-debian-gcc 0.6 31.74 30.82 62.56 OK
r-devel-linux-x86_64-fedora-clang 0.6 130.37 OK
r-devel-linux-x86_64-fedora-gcc 0.6 125.91 OK
r-devel-windows-x86_64 0.6 45.00 82.00 127.00 OK
r-patched-linux-x86_64 0.6 33.51 38.01 71.52 OK
r-release-linux-x86_64 0.6 38.30 36.97 75.27 OK
r-release-macos-arm64 0.6 36.00 OK
r-release-macos-x86_64 0.6 45.00 OK
r-release-windows-x86_64 0.6 36.00 85.00 121.00 OK
r-oldrel-macos-arm64 0.6 41.00 NOTE
r-oldrel-macos-x86_64 0.6 61.00 OK
r-oldrel-windows-ix86+x86_64 0.6 104.00 90.00 194.00 OK

Check Details

Version: 0.6
Check: installed package size
Result: NOTE
     installed size is 5.6Mb
     sub-directories of 1Mb or more:
     libs 4.6Mb
Flavor: r-oldrel-macos-arm64