Last updated on 2022-07-06 06:53:01 CEST.
Flavor | Version | Tinstall | Tcheck | Ttotal | Status | Flags |
---|---|---|---|---|---|---|
r-devel-linux-x86_64-debian-clang | 1.0.2 | 14.64 | 119.06 | 133.70 | NOTE | |
r-devel-linux-x86_64-debian-gcc | 1.0.2 | 8.40 | 89.24 | 97.64 | NOTE | |
r-devel-linux-x86_64-fedora-clang | 1.0.2 | 170.18 | WARN | |||
r-devel-linux-x86_64-fedora-gcc | 1.0.2 | 165.87 | WARN | |||
r-devel-windows-x86_64 | 1.0.2 | 28.00 | 138.00 | 166.00 | NOTE | |
r-patched-linux-x86_64 | 1.0.2 | 9.36 | 113.75 | 123.11 | OK | |
r-release-linux-x86_64 | 1.0.2 | 13.05 | 111.93 | 124.98 | OK | |
r-release-macos-arm64 | 1.0.2 | 44.00 | OK | |||
r-release-macos-x86_64 | 1.0.2 | 80.00 | OK | |||
r-release-windows-x86_64 | 1.0.2 | 23.00 | 142.00 | 165.00 | OK | |
r-oldrel-macos-arm64 | 1.0.2 | 53.00 | OK | |||
r-oldrel-macos-x86_64 | 1.0.2 | 62.00 | OK | |||
r-oldrel-windows-ix86+x86_64 | 1.0.2 | 29.00 | 126.00 | 155.00 | OK |
Version: 1.0.2
Check: Rd files
Result: NOTE
checkRd: (-1) BC_model.Rd:108: Escaped LaTeX specials: \&
checkRd: (-1) CD_model.Rd:109: Escaped LaTeX specials: \&
checkRd: (-1) LL_model.Rd:107: Escaped LaTeX specials: \&
Flavors: r-devel-linux-x86_64-debian-clang, r-devel-linux-x86_64-debian-gcc, r-devel-linux-x86_64-fedora-clang, r-devel-linux-x86_64-fedora-gcc, r-devel-windows-x86_64
Version: 1.0.2
Check: package dependencies
Result: WARN
Requires (indirectly) orphaned package: ‘gtools’
Flavors: r-devel-linux-x86_64-fedora-clang, r-devel-linux-x86_64-fedora-gcc