CRAN Package Check Results for Package segmag

Last updated on 2022-01-22 06:49:06 CET.

Flavor Version Tinstall Tcheck Ttotal Status Flags
r-devel-linux-x86_64-debian-clang 1.2.4 26.44 38.86 65.30 OK
r-devel-linux-x86_64-debian-gcc 1.2.4 16.30 30.65 46.95 OK
r-devel-linux-x86_64-fedora-clang 1.2.4 87.90 NOTE
r-devel-linux-x86_64-fedora-gcc 1.2.4 68.74 NOTE
r-devel-windows-x86_64-new-UL 1.2.4 37.00 78.00 115.00 OK
r-devel-windows-x86_64-new-TK 1.2.4 OK
r-patched-linux-x86_64 1.2.4 16.18 37.62 53.80 OK
r-release-linux-x86_64 1.2.4 19.86 36.94 56.80 OK
r-release-macos-arm64 1.2.4 OK
r-release-macos-x86_64 1.2.4 OK
r-release-windows-ix86+x86_64 1.2.4 62.00 71.00 133.00 OK
r-oldrel-macos-x86_64 1.2.4 OK
r-oldrel-windows-ix86+x86_64 1.2.4 57.00 70.00 127.00 OK

Check Details

Version: 1.2.4
Check: compiled code
Result: NOTE
    File ‘segmag/libs/segmag.so’:
     Found no calls to: ‘R_registerRoutines’, ‘R_useDynamicSymbols’
    
    It is good practice to register native routines and to disable symbol
    search.
    
    See ‘Writing portable packages’ in the ‘Writing R Extensions’ manual.
Flavors: r-devel-linux-x86_64-fedora-clang, r-devel-linux-x86_64-fedora-gcc