Last updated on 2023-01-27 07:50:44 CET.
Flavor | Version | Tinstall | Tcheck | Ttotal | Status | Flags |
---|---|---|---|---|---|---|
r-devel-linux-x86_64-debian-clang | 1.3.4 | 9.05 | 64.33 | 73.38 | NOTE | |
r-devel-linux-x86_64-debian-gcc | 1.3.4 | 6.35 | 47.81 | 54.16 | NOTE | |
r-devel-linux-x86_64-fedora-clang | 1.3.4 | 92.23 | NOTE | |||
r-devel-linux-x86_64-fedora-gcc | 1.3.4 | 85.81 | NOTE | |||
r-patched-linux-x86_64 | 1.3.4 | 7.93 | 61.20 | 69.13 | NOTE | |
r-release-linux-x86_64 | 1.3.4 | 7.51 | 62.46 | 69.97 | NOTE | |
r-release-macos-arm64 | 1.3.4 | 27.00 | NOTE | |||
r-release-macos-x86_64 | 1.3.4 | 46.00 | NOTE | |||
r-release-windows-x86_64 | 1.3.4 | 36.00 | 95.00 | 131.00 | NOTE | |
r-oldrel-macos-arm64 | 1.3.4 | 29.00 | NOTE | |||
r-oldrel-macos-x86_64 | 1.3.4 | 51.00 | NOTE | |||
r-oldrel-windows-ix86+x86_64 | 1.3.4 | 22.00 | 91.00 | 113.00 | NOTE |
Version: 1.3.4
Check: LazyData
Result: NOTE
'LazyData' is specified without a 'data' directory
Flavors: r-devel-linux-x86_64-debian-clang, r-devel-linux-x86_64-debian-gcc, r-devel-linux-x86_64-fedora-clang, r-devel-linux-x86_64-fedora-gcc, r-patched-linux-x86_64, r-release-linux-x86_64, r-release-macos-arm64, r-release-macos-x86_64, r-release-windows-x86_64, r-oldrel-macos-arm64, r-oldrel-macos-x86_64, r-oldrel-windows-ix86+x86_64
Version: 1.3.4
Check: dependencies in R code
Result: NOTE
Namespaces in Imports field not imported from:
‘cluster’ ‘factoextra’ ‘tidyr’
All declared Imports should be used.
Flavors: r-devel-linux-x86_64-fedora-clang, r-devel-linux-x86_64-fedora-gcc, r-release-macos-arm64, r-release-macos-x86_64, r-oldrel-macos-arm64, r-oldrel-macos-x86_64