CRAN Package Check Results for Package selectr

Last updated on 2024-06-13 06:58:18 CEST.

Flavor Version Tinstall Tcheck Ttotal Status Flags
r-devel-linux-x86_64-debian-clang 0.4-2 12.13 46.49 58.62 OK
r-devel-linux-x86_64-debian-gcc 0.4-2 0.37 1.70 2.07 ERROR
r-devel-linux-x86_64-fedora-clang 0.4-2 80.33 OK
r-devel-linux-x86_64-fedora-gcc 0.4-2 74.89 OK
r-devel-windows-x86_64 0.4-2 13.00 53.00 66.00 OK
r-patched-linux-x86_64 0.4-2 14.14 44.42 58.56 OK
r-release-linux-x86_64 0.4-2 12.29 45.01 57.30 OK
r-release-macos-arm64 0.4-2 28.00 OK
r-release-macos-x86_64 0.4-2 42.00 OK
r-release-windows-x86_64 0.4-2 13.00 54.00 67.00 OK
r-oldrel-macos-arm64 0.4-2 27.00 OK
r-oldrel-macos-x86_64 0.4-2 42.00 OK
r-oldrel-windows-x86_64 0.4-2 18.00 59.00 77.00 OK

Check Details

Version: 0.4-2
Check: package dependencies
Result: ERROR Package required but not available: ‘stringr’ Package suggested but not available for checking: ‘testthat’ See section ‘The DESCRIPTION file’ in the ‘Writing R Extensions’ manual. Flavor: r-devel-linux-x86_64-debian-gcc