CRAN Package Check Results for Package semTools

Last updated on 2024-02-27 06:50:43 CET.

Flavor Version Tinstall Tcheck Ttotal Status Flags
r-devel-linux-x86_64-debian-clang 0.5-6 34.31 345.21 379.52 NOTE
r-devel-linux-x86_64-debian-gcc 0.5-6 27.39 250.34 277.73 NOTE
r-devel-linux-x86_64-fedora-clang 0.5-6 452.06 NOTE
r-devel-linux-x86_64-fedora-gcc 0.5-6 495.10 NOTE
r-devel-windows-x86_64 0.5-6 31.00 275.00 306.00 OK
r-patched-linux-x86_64 0.5-6 39.44 325.07 364.51 OK
r-release-linux-x86_64 0.5-6 29.73 333.91 363.64 OK
r-release-macos-arm64 0.5-6 122.00 OK
r-release-macos-x86_64 0.5-6 188.00 NOTE
r-release-windows-x86_64 0.5-6 43.00 343.00 386.00 OK
r-oldrel-macos-arm64 0.5-6 115.00 OK
r-oldrel-windows-x86_64 0.5-6 44.00 330.00 374.00 OK

Check Details

Version: 0.5-6
Check: Rd files
Result: NOTE checkRd: (-1) PAVranking.Rd:77-79: Lost braces in \itemize; \value handles \item{}{} directly checkRd: (-1) PAVranking.Rd:80-82: Lost braces in \itemize; \value handles \item{}{} directly checkRd: (-1) PAVranking.Rd:83-85: Lost braces in \itemize; \value handles \item{}{} directly checkRd: (-1) PAVranking.Rd:86-87: Lost braces in \itemize; \value handles \item{}{} directly Flavors: r-devel-linux-x86_64-debian-clang, r-devel-linux-x86_64-debian-gcc, r-devel-linux-x86_64-fedora-clang, r-devel-linux-x86_64-fedora-gcc

Version: 0.5-6
Check: package dependencies
Result: NOTE Packages suggested but not available for checking: 'blavaan', 'emmeans' Flavor: r-release-macos-x86_64

Version: 0.5-6
Check: Rd cross-references
Result: NOTE Package unavailable to check Rd xrefs: ‘blavaan’ Flavor: r-release-macos-x86_64