CRAN Package Check Results for Package sendigR

Last updated on 2023-09-24 07:55:21 CEST.

Flavor Version Tinstall Tcheck Ttotal Status Flags
r-devel-linux-x86_64-debian-clang 1.0.0 12.36 58.59 70.95 OK
r-devel-linux-x86_64-debian-gcc 1.0.0 10.39 42.92 53.31 OK
r-devel-linux-x86_64-fedora-clang 1.0.0 83.31 NOTE
r-devel-linux-x86_64-fedora-gcc 1.0.0 95.89 NOTE
r-devel-windows-x86_64 1.0.0 11.00 66.00 77.00 OK
r-patched-linux-x86_64 1.0.0 10.29 55.47 65.76 OK
r-release-linux-x86_64 1.0.0 9.32 55.01 64.33 OK
r-release-macos-arm64 1.0.0 38.00 OK
r-release-macos-x86_64 1.0.0 53.00 OK
r-release-windows-x86_64 1.0.0 12.00 74.00 86.00 OK
r-oldrel-macos-arm64 1.0.0 25.00 NOTE
r-oldrel-macos-x86_64 1.0.0 40.00 NOTE
r-oldrel-windows-x86_64 1.0.0 14.00 69.00 83.00 OK

Check Details

Version: 1.0.0
Check: dependencies in R code
Result: NOTE
    Namespace in Imports field not imported from: ‘reticulate’
     All declared Imports should be used.
Flavors: r-devel-linux-x86_64-fedora-clang, r-devel-linux-x86_64-fedora-gcc, r-oldrel-macos-arm64, r-oldrel-macos-x86_64