CRAN Package Check Results for Package sentencepiece

Last updated on 2021-06-19 06:48:24 CEST.

Flavor Version Tinstall Tcheck Ttotal Status Flags
r-devel-linux-x86_64-debian-clang 0.1.2 802.21 30.10 832.31 NOTE
r-devel-linux-x86_64-debian-gcc 0.1.2 487.87 24.12 511.99 NOTE
r-devel-linux-x86_64-fedora-clang 0.1.2 991.14 NOTE
r-devel-linux-x86_64-fedora-gcc 0.1.2 966.00 NOTE
r-devel-windows-x86_64 0.1.2 870.00 62.00 932.00 NOTE
r-devel-windows-x86_64-gcc10-UCRT 0.1.2 NOTE
r-patched-linux-x86_64 0.1.2 573.76 29.47 603.23 NOTE
r-patched-solaris-x86 0.1.2 692.90 NOTE
r-release-linux-x86_64 0.1.2 575.14 29.41 604.55 NOTE
r-release-macos-arm64 0.1.2 NOTE
r-release-macos-x86_64 0.1.2 NOTE
r-release-windows-ix86+x86_64 0.1.2 1635.00 69.00 1704.00 NOTE
r-oldrel-macos-x86_64 0.1.2 NOTE
r-oldrel-windows-ix86+x86_64 0.1.2 1233.00 83.00 1316.00 NOTE

Additional issues

gcc-UBSAN

Check Details

Version: 0.1.2
Check: LazyData
Result: NOTE
     'LazyData' is specified without a 'data' directory
Flavors: r-devel-linux-x86_64-debian-clang, r-devel-linux-x86_64-debian-gcc, r-devel-linux-x86_64-fedora-clang, r-devel-linux-x86_64-fedora-gcc, r-devel-windows-x86_64, r-devel-windows-x86_64-gcc10-UCRT, r-patched-linux-x86_64, r-patched-solaris-x86, r-release-linux-x86_64, r-release-macos-arm64, r-release-macos-x86_64, r-release-windows-ix86+x86_64

Version: 0.1.2
Check: installed package size
Result: NOTE
     installed size is 17.1Mb
     sub-directories of 1Mb or more:
     libs 15.7Mb
     models 1.3Mb
Flavors: r-devel-linux-x86_64-fedora-clang, r-release-macos-arm64, r-release-macos-x86_64, r-release-windows-ix86+x86_64, r-oldrel-macos-x86_64, r-oldrel-windows-ix86+x86_64