Last updated on 2021-01-20 06:47:00 CET.
Flavor | Version | Tinstall | Tcheck | Ttotal | Status | Flags |
---|---|---|---|---|---|---|
r-devel-linux-x86_64-debian-clang | 0.8.2 | 101.46 | 256.88 | 358.34 | NOTE | |
r-devel-linux-x86_64-debian-gcc | 0.8.2 | 69.86 | 183.06 | 252.92 | NOTE | |
r-devel-linux-x86_64-fedora-clang | 0.8.2 | 441.68 | NOTE | |||
r-devel-linux-x86_64-fedora-gcc | 0.8.2 | 398.43 | NOTE | |||
r-devel-windows-ix86+x86_64 | 0.8.2 | 170.00 | 422.00 | 592.00 | NOTE | |
r-patched-linux-x86_64 | 0.8.2 | 81.54 | 220.11 | 301.65 | NOTE | |
r-patched-solaris-x86 | 0.8.2 | 524.50 | NOTE | |||
r-release-linux-x86_64 | 0.8.2 | 81.93 | 225.14 | 307.07 | NOTE | |
r-release-macos-x86_64 | 0.8.2 | NOTE | ||||
r-release-windows-ix86+x86_64 | 0.8.2 | 192.00 | 381.00 | 573.00 | NOTE | |
r-oldrel-macos-x86_64 | 0.8.2 | NOTE | ||||
r-oldrel-windows-ix86+x86_64 | 0.8.2 | 142.00 | 353.00 | 495.00 | NOTE |
Version: 0.8.2
Check: for GNU extensions in Makefiles
Result: NOTE
GNU make is a SystemRequirements.
Flavors: r-devel-linux-x86_64-debian-clang, r-devel-linux-x86_64-debian-gcc, r-devel-linux-x86_64-fedora-clang, r-devel-linux-x86_64-fedora-gcc, r-devel-windows-ix86+x86_64, r-patched-linux-x86_64, r-patched-solaris-x86, r-release-linux-x86_64, r-release-macos-x86_64, r-release-windows-ix86+x86_64, r-oldrel-macos-x86_64, r-oldrel-windows-ix86+x86_64
Version: 0.8.2
Check: installed package size
Result: NOTE
installed size is 8.6Mb
sub-directories of 1Mb or more:
data 2.3Mb
libs 5.2Mb
Flavors: r-devel-linux-x86_64-fedora-clang, r-devel-windows-ix86+x86_64, r-release-macos-x86_64, r-release-windows-ix86+x86_64, r-oldrel-macos-x86_64, r-oldrel-windows-ix86+x86_64
Version: 0.8.2
Check: Rd cross-references
Result: NOTE
Undeclared packages ‘MCS’, ‘stopwords’, ‘lexicon’ in Rd xrefs
Flavor: r-devel-linux-x86_64-fedora-clang
Version: 0.8.2
Check: data for non-ASCII characters
Result: NOTE
Note: found 4436 marked UTF-8 strings
Flavors: r-devel-linux-x86_64-fedora-clang, r-devel-linux-x86_64-fedora-gcc, r-patched-solaris-x86, r-release-macos-x86_64, r-oldrel-macos-x86_64