Last updated on 2023-11-28 07:53:17 CET.
Flavor | Version | Tinstall | Tcheck | Ttotal | Status | Flags |
---|---|---|---|---|---|---|
r-devel-linux-x86_64-debian-clang | 1.0.0 | 106.23 | 265.67 | 371.90 | NOTE | |
r-devel-linux-x86_64-debian-gcc | 1.0.0 | 71.70 | 187.82 | 259.52 | NOTE | |
r-devel-linux-x86_64-fedora-clang | 1.0.0 | 484.15 | NOTE | |||
r-devel-linux-x86_64-fedora-gcc | 1.0.0 | 445.85 | NOTE | |||
r-devel-windows-x86_64 | 1.0.0 | 84.00 | 224.00 | 308.00 | NOTE | |
r-patched-linux-x86_64 | 1.0.0 | 86.07 | 241.83 | 327.90 | NOTE | |
r-release-linux-x86_64 | 1.0.0 | 62.27 | 235.69 | 297.96 | NOTE | |
r-release-macos-arm64 | 1.0.0 | 146.00 | NOTE | |||
r-release-macos-x86_64 | 1.0.0 | 211.00 | NOTE | |||
r-release-windows-x86_64 | 1.0.0 | 109.00 | 269.00 | 378.00 | NOTE | |
r-oldrel-macos-arm64 | 1.0.0 | 117.00 | NOTE | |||
r-oldrel-macos-x86_64 | 1.0.0 | 198.00 | NOTE | |||
r-oldrel-windows-x86_64 | 1.0.0 | 104.00 | 263.00 | 367.00 | NOTE |
Version: 1.0.0
Check: C++ specification
Result: NOTE
Specified C++11: please drop specification unless essential
Flavors: r-devel-linux-x86_64-debian-clang, r-devel-linux-x86_64-debian-gcc, r-devel-linux-x86_64-fedora-clang, r-devel-linux-x86_64-fedora-gcc, r-devel-windows-x86_64, r-patched-linux-x86_64, r-release-linux-x86_64, r-release-macos-arm64, r-release-macos-x86_64, r-release-windows-x86_64
Version: 1.0.0
Check: for GNU extensions in Makefiles
Result: NOTE
GNU make is a SystemRequirements.
Flavors: r-devel-linux-x86_64-debian-clang, r-devel-linux-x86_64-debian-gcc, r-devel-linux-x86_64-fedora-clang, r-devel-linux-x86_64-fedora-gcc, r-devel-windows-x86_64, r-patched-linux-x86_64, r-release-linux-x86_64, r-release-macos-arm64, r-release-macos-x86_64, r-release-windows-x86_64, r-oldrel-macos-arm64, r-oldrel-macos-x86_64, r-oldrel-windows-x86_64
Version: 1.0.0
Check: data for non-ASCII characters
Result: NOTE
Note: found 4436 marked UTF-8 strings
Flavors: r-devel-linux-x86_64-fedora-clang, r-devel-linux-x86_64-fedora-gcc, r-oldrel-macos-arm64, r-oldrel-macos-x86_64
Version: 1.0.0
Check: installed package size
Result: NOTE
installed size is 8.0Mb
sub-directories of 1Mb or more:
data 2.3Mb
libs 4.5Mb
Flavors: r-release-macos-arm64, r-release-macos-x86_64, r-oldrel-macos-arm64, r-oldrel-macos-x86_64