Last updated on 2023-02-03 06:50:33 CET.
Flavor | Version | Tinstall | Tcheck | Ttotal | Status | Flags |
---|---|---|---|---|---|---|
r-devel-linux-x86_64-debian-clang | 1.0.0 | 107.03 | 273.13 | 380.16 | NOTE | |
r-devel-linux-x86_64-debian-gcc | 1.0.0 | 78.22 | 190.81 | 269.03 | NOTE | |
r-devel-linux-x86_64-fedora-clang | 1.0.0 | 470.71 | NOTE | |||
r-devel-linux-x86_64-fedora-gcc | 1.0.0 | 464.36 | NOTE | |||
r-patched-linux-x86_64 | 1.0.0 | 86.34 | 233.67 | 320.01 | NOTE | |
r-release-linux-x86_64 | 1.0.0 | 68.03 | 239.88 | 307.91 | NOTE | |
r-release-macos-arm64 | 1.0.0 | 117.00 | NOTE | |||
r-release-macos-x86_64 | 1.0.0 | 198.00 | NOTE | |||
r-release-windows-x86_64 | 1.0.0 | 175.00 | 308.00 | 483.00 | NOTE | |
r-oldrel-macos-arm64 | 1.0.0 | 140.00 | NOTE | |||
r-oldrel-macos-x86_64 | 1.0.0 | 161.00 | NOTE | |||
r-oldrel-windows-ix86+x86_64 | 1.0.0 | 239.00 | 471.00 | 710.00 | NOTE |
Version: 1.0.0
Check: C++ specification
Result: NOTE
Specified C++11: please update to current default of C++17
Flavors: r-devel-linux-x86_64-debian-clang, r-devel-linux-x86_64-debian-gcc, r-devel-linux-x86_64-fedora-clang, r-devel-linux-x86_64-fedora-gcc
Version: 1.0.0
Check: for GNU extensions in Makefiles
Result: NOTE
GNU make is a SystemRequirements.
Flavors: r-devel-linux-x86_64-debian-clang, r-devel-linux-x86_64-debian-gcc, r-devel-linux-x86_64-fedora-clang, r-devel-linux-x86_64-fedora-gcc, r-patched-linux-x86_64, r-release-linux-x86_64, r-release-macos-arm64, r-release-macos-x86_64, r-release-windows-x86_64, r-oldrel-macos-arm64, r-oldrel-macos-x86_64, r-oldrel-windows-ix86+x86_64
Version: 1.0.0
Check: data for non-ASCII characters
Result: NOTE
Note: found 4436 marked UTF-8 strings
Flavors: r-devel-linux-x86_64-fedora-clang, r-devel-linux-x86_64-fedora-gcc, r-release-macos-arm64, r-release-macos-x86_64, r-oldrel-macos-arm64, r-oldrel-macos-x86_64
Version: 1.0.0
Check: installed package size
Result: NOTE
installed size is 7.7Mb
sub-directories of 1Mb or more:
data 2.3Mb
libs 4.3Mb
Flavors: r-release-macos-arm64, r-release-macos-x86_64, r-oldrel-macos-arm64, r-oldrel-macos-x86_64, r-oldrel-windows-ix86+x86_64