Last updated on 2021-01-20 06:47:00 CET.
Flavor | Version | Tinstall | Tcheck | Ttotal | Status | Flags |
---|---|---|---|---|---|---|
r-devel-linux-x86_64-debian-clang | 1.2.2 | 3.31 | 170.83 | 174.14 | OK | |
r-devel-linux-x86_64-debian-gcc | 1.2.2 | 2.40 | 127.54 | 129.94 | OK | |
r-devel-linux-x86_64-fedora-clang | 1.2.2 | 218.67 | OK | |||
r-devel-linux-x86_64-fedora-gcc | 1.2.2 | 216.59 | OK | |||
r-devel-windows-ix86+x86_64 | 1.2.2 | 6.00 | 191.00 | 197.00 | OK | |
r-patched-linux-x86_64 | 1.2.2 | 3.30 | 168.49 | 171.79 | OK | |
r-patched-solaris-x86 | 1.2.2 | 198.60 | NOTE | |||
r-release-linux-x86_64 | 1.2.2 | 3.72 | 168.99 | 172.71 | OK | |
r-release-macos-x86_64 | 1.2.2 | NOTE | ||||
r-release-windows-ix86+x86_64 | 1.2.2 | 7.00 | 161.00 | 168.00 | OK | |
r-oldrel-macos-x86_64 | 1.2.2 | NOTE | ||||
r-oldrel-windows-ix86+x86_64 | 1.2.2 | 4.00 | 167.00 | 171.00 | OK |
Version: 1.2.2
Check: package dependencies
Result: NOTE
Package suggested but not available for checking: ‘airway’
Flavors: r-patched-solaris-x86, r-release-macos-x86_64, r-oldrel-macos-x86_64