Last updated on 2022-07-06 06:53:01 CEST.
Flavor | Version | Tinstall | Tcheck | Ttotal | Status | Flags |
---|---|---|---|---|---|---|
r-devel-linux-x86_64-debian-clang | 0.1.0 | 15.21 | 251.28 | 266.49 | OK | |
r-devel-linux-x86_64-debian-gcc | 0.1.0 | 13.70 | 195.90 | 209.60 | OK | |
r-devel-linux-x86_64-fedora-clang | 0.1.0 | 323.54 | WARN | |||
r-devel-linux-x86_64-fedora-gcc | 0.1.0 | 313.66 | WARN | |||
r-devel-windows-x86_64 | 0.1.0 | 34.00 | 298.00 | 332.00 | OK | |
r-patched-linux-x86_64 | 0.1.0 | 21.55 | 238.44 | 259.99 | OK | |
r-release-linux-x86_64 | 0.1.0 | 16.52 | 232.57 | 249.09 | OK | |
r-release-macos-arm64 | 0.1.0 | 111.00 | OK | |||
r-release-macos-x86_64 | 0.1.0 | 180.00 | OK | |||
r-release-windows-x86_64 | 0.1.0 | 44.00 | 306.00 | 350.00 | OK | |
r-oldrel-macos-arm64 | 0.1.0 | 146.00 | OK | |||
r-oldrel-macos-x86_64 | 0.1.0 | 227.00 | OK | |||
r-oldrel-windows-ix86+x86_64 | 0.1.0 | 34.00 | 305.00 | 339.00 | OK |
Version: 0.1.0
Check: package dependencies
Result: WARN
Requires (indirectly) orphaned package: ‘gtools’
Flavors: r-devel-linux-x86_64-fedora-clang, r-devel-linux-x86_64-fedora-gcc