CRAN Package Check Results for Package seqinr

Last updated on 2022-05-25 07:50:31 CEST.

Flavor Version Tinstall Tcheck Ttotal Status Flags
r-devel-linux-x86_64-debian-clang 4.2-16 14.46 127.74 142.20 OK
r-devel-linux-x86_64-debian-gcc 4.2-16 13.46 97.83 111.29 OK
r-devel-linux-x86_64-fedora-clang 4.2-16 177.42 NOTE
r-devel-linux-x86_64-fedora-gcc 4.2-16 158.02 OK
r-devel-windows-x86_64 4.2-16 93.00 173.00 266.00 NOTE
r-patched-linux-x86_64 4.2-16 15.83 119.26 135.09 OK
r-release-linux-x86_64 4.2-16 OK
r-release-macos-arm64 4.2-16 64.00 NOTE
r-release-macos-x86_64 4.2-16 72.00 NOTE
r-release-windows-x86_64 4.2-16 99.00 149.00 248.00 NOTE
r-oldrel-macos-arm64 4.2-16 60.00 NOTE
r-oldrel-macos-x86_64 4.2-16 65.00 NOTE
r-oldrel-windows-ix86+x86_64 4.2-16 34.00 205.00 239.00 NOTE

Check Details

Version: 4.2-16
Check: installed package size
Result: NOTE
     installed size is 5.5Mb
     sub-directories of 1Mb or more:
     data 1.4Mb
     sequences 1.9Mb
Flavors: r-devel-linux-x86_64-fedora-clang, r-devel-windows-x86_64, r-release-macos-arm64, r-release-macos-x86_64, r-release-windows-x86_64, r-oldrel-macos-arm64, r-oldrel-macos-x86_64, r-oldrel-windows-ix86+x86_64