Last updated on 2022-05-28 07:06:04 CEST.
Flavor | Version | Tinstall | Tcheck | Ttotal | Status | Flags |
---|---|---|---|---|---|---|
r-devel-linux-x86_64-debian-clang | 0.1.5 | 16.84 | 159.77 | 176.61 | OK | |
r-devel-linux-x86_64-debian-gcc | 0.1.5 | 11.83 | 121.10 | 132.93 | OK | |
r-devel-linux-x86_64-fedora-clang | 0.1.5 | 225.36 | OK | |||
r-devel-linux-x86_64-fedora-gcc | 0.1.5 | 196.02 | OK | |||
r-devel-windows-x86_64 | 0.1.5 | 47.00 | 161.00 | 208.00 | OK | |
r-patched-linux-x86_64 | 0.1.5 | 15.15 | 151.21 | 166.36 | OK | |
r-release-linux-x86_64 | 0.1.5 | 15.12 | 151.23 | 166.35 | OK | |
r-release-macos-arm64 | 0.1.5 | 56.00 | OK | |||
r-release-macos-x86_64 | 0.1.5 | 80.00 | NOTE | |||
r-release-windows-x86_64 | 0.1.5 | 53.00 | 168.00 | 221.00 | OK | |
r-oldrel-macos-arm64 | 0.1.5 | 56.00 | NOTE | |||
r-oldrel-macos-x86_64 | 0.1.5 | 104.00 | NOTE | |||
r-oldrel-windows-ix86+x86_64 | 0.1.5 | 34.00 | 158.00 | 192.00 | OK |
Version: 0.1.5
Check: package dependencies
Result: NOTE
Package suggested but not available for checking: ‘muscle’
Flavors: r-release-macos-x86_64, r-oldrel-macos-x86_64
Version: 0.1.5
Check: package dependencies
Result: NOTE
Packages suggested but not available for checking:
'GenomicAlignments', 'GenomicRanges', 'muscle', 'Rsamtools'
Flavor: r-oldrel-macos-arm64