CRAN Package Check Results for Package shinyAce

Last updated on 2020-12-05 06:51:04 CET.

Flavor Version Tinstall Tcheck Ttotal Status Flags
r-devel-linux-x86_64-debian-clang 0.4.1 6.21 45.66 51.87 OK
r-devel-linux-x86_64-debian-gcc 0.4.1 5.32 37.37 42.69 OK
r-devel-linux-x86_64-fedora-clang 0.4.1 61.82 NOTE
r-devel-linux-x86_64-fedora-gcc 0.4.1 61.81 OK
r-devel-windows-ix86+x86_64 0.4.1 11.00 66.00 77.00 NOTE
r-patched-linux-x86_64 0.4.1 5.38 42.36 47.74 OK
r-patched-solaris-x86 0.4.1 83.10 NOTE
r-release-linux-x86_64 0.4.1 5.39 41.09 46.48 OK
r-release-macos-x86_64 0.4.1 NOTE
r-release-windows-ix86+x86_64 0.4.1 10.00 45.00 55.00 NOTE
r-oldrel-macos-x86_64 0.4.1 NOTE
r-oldrel-windows-ix86+x86_64 0.4.1 10.00 44.00 54.00 NOTE

Check Details

Version: 0.4.1
Check: installed package size
Result: NOTE
     installed size is 8.2Mb
     sub-directories of 1Mb or more:
     www 7.7Mb
Flavors: r-devel-linux-x86_64-fedora-clang, r-devel-windows-ix86+x86_64, r-patched-solaris-x86, r-release-macos-x86_64, r-release-windows-ix86+x86_64, r-oldrel-macos-x86_64, r-oldrel-windows-ix86+x86_64